000
CDUS46 KMFR 040838
CLIMHS


CLIMATE REPORT
NATIONAL WEATHER SERVICE MEDFORD, OR
138 AM PDT MON MAY 4 2015


...................................

...THE MT SHASTA CITY CA CLIMATE SUMMARY FOR MAY 3 2015...

CLIMATE NORMAL PERIOD 1981 TO 2010
CLIMATE RECORD PERIOD 1908 TO 2015


WEATHER ITEM   OBSERVED TIME   RECORD YEAR NORMAL DEPARTURE LAST
                VALUE   (LST)  VALUE       VALUE  FROM      YEAR
                                                  NORMAL
..................................................................
TEMPERATURE (F)
 YESTERDAY
  MAXIMUM         80    146 PM  83    2004  66     14       71
                                      1992
  MINIMUM         40    528 AM  25    2007  37      3       40
  AVERAGE         60                        51      9       56

PRECIPITATION (IN)
  YESTERDAY        0.00          0.94 1951   0.07  -0.07     0.00
  MONTH TO DATE    0.00                      0.22  -0.22     0.00
  SINCE OCT 1     32.91                     38.61  -5.70    12.46
  SINCE JAN 1     13.39                     23.40 -10.01    11.35

SNOWFALL (IN)
  YESTERDAY       MM                         0.0   MM       MM
  MONTH TO DATE   MM                         0.1   MM       MM
  SINCE JUL 1     MM                        91.6   MM        0.0
  SNOW DEPTH      MM

DEGREE DAYS
 HEATING
  YESTERDAY        5                        14     -9        9
  MONTH TO DATE   14                        42    -28       14
  SINCE MAR 1    968                      1282   -314     1037
  SINCE JUL 1   3934                      5257  -1323     4653

 COOLING
  YESTERDAY        0                         0      0        0
  MONTH TO DATE    0                         0      0        0
  SINCE MAR 1      0                         0      0        1
  SINCE JAN 1      0                         0      0        1
..................................................................


WIND (MPH)
  HIGHEST WIND SPEED     7   HIGHEST WIND DIRECTION     E (90)
  HIGHEST GUST SPEED    14   HIGHEST GUST DIRECTION    SE (150)
  AVERAGE WIND SPEED     0.8


SKY COVER
  POSSIBLE SUNSHINE  MM
  AVERAGE SKY COVER 0.2


WEATHER CONDITIONS
 THE FOLLOWING WEATHER WAS RECORDED YESTERDAY.
  NO SIGNIFICANT WEATHER WAS OBSERVED.


RELATIVE HUMIDITY (PERCENT)
 HIGHEST    86           500 AM
 LOWEST     19           100 PM

..........................................................


THE MT SHASTA CITY CA CLIMATE NORMALS FOR TODAY
                         NORMAL    RECORD    YEAR
 MAXIMUM TEMPERATURE (F)   66        86      1992
 MINIMUM TEMPERATURE (F)   37        25      1999


SUNRISE AND SUNSET
MAY  4 2015...........SUNRISE   603 AM PDT   SUNSET   810 PM PDT
MAY  5 2015...........SUNRISE   602 AM PDT   SUNSET   811 PM PDT


-  INDICATES NEGATIVE NUMBERS.
R  INDICATES RECORD WAS SET OR TIED.
MM INDICATES DATA IS MISSING.
T  INDICATES TRACE AMOUNT.




$$
