000
CDUS45 KBYZ 270933
CLIMLS


CLIMATE REPORT
NATIONAL WEATHER SERVICE BILLINGS MT
331 AM MDT MON APR 27 2015


...................................

...THE MILES CITY MT CLIMATE SUMMARY FOR APRIL 26 2015...

CLIMATE NORMAL PERIOD 1981 TO 2010
CLIMATE RECORD PERIOD 1937 TO 2015


WEATHER ITEM   OBSERVED TIME   RECORD YEAR NORMAL DEPARTURE LAST
                VALUE   (LST)  VALUE       VALUE  FROM      YEAR
                                                  NORMAL
..................................................................
TEMPERATURE (F)
 YESTERDAY
  MAXIMUM         48   1239 PM  88    1952  63    -15       69
  MINIMUM         31    506 AM  20    1995  37     -6       49
  AVERAGE         40                        50    -10       59

PRECIPITATION (IN)
  YESTERDAY        0.28          0.97        0.05   0.23     0.02
  MONTH TO DATE    0.45                      1.12  -0.67     0.21
  SINCE OCT 1      1.91                      3.87  -1.96     3.45
  SINCE JAN 1      0.90                      2.27  -1.37     1.77

DEGREE DAYS
 HEATING
  YESTERDAY       25                        16      9        6
  MONTH TO DATE  476                       512    -36      523
  SINCE MAR 1   1141                      1453   -312     1578
  SINCE JUL 1   6611                      7187   -576     7617

 COOLING
  YESTERDAY        0                         0      0        0
  MONTH TO DATE    0                         0      0        0
  SINCE MAR 1      0                         0      0        0
  SINCE JAN 1      0                         0      0        0
..................................................................


WIND (MPH)
  HIGHEST WIND SPEED    20   HIGHEST WIND DIRECTION    NE (30)
  HIGHEST GUST SPEED    22   HIGHEST GUST DIRECTION    NE (30)
  AVERAGE WIND SPEED     9.4


SKY COVER
  POSSIBLE SUNSHINE  MM
  AVERAGE SKY COVER 0.8


WEATHER CONDITIONS
 THE FOLLOWING WEATHER WAS RECORDED YESTERDAY.
  RAIN
  LIGHT RAIN
  FOG
  FOG W/VISIBILITY <= 1/4 MILE


RELATIVE HUMIDITY (PERCENT)
 HIGHEST   100           200 AM
 LOWEST     60           200 PM
 AVERAGE    80

..........................................................


THE MILES CITY MT CLIMATE NORMALS FOR TODAY
                         NORMAL    RECORD    YEAR
 MAXIMUM TEMPERATURE (F)   63        85      2004
                                             2001
                                             1992
 MINIMUM TEMPERATURE (F)   37        20      1956


SUNRISE AND SUNSET
APRIL 27 2015.........SUNRISE   556 AM MDT   SUNSET   807 PM MDT
APRIL 28 2015.........SUNRISE   554 AM MDT   SUNSET   808 PM MDT


-  INDICATES NEGATIVE NUMBERS.
R  INDICATES RECORD WAS SET OR TIED.
MM INDICATES DATA IS MISSING.
T  INDICATES TRACE AMOUNT.





&&

THIS IS AN AUTOMATED...UNATTENDED WEATHER STATION AND MAY
UNDERESTIMATE WINTER PRECIPITATION.

$$
