000
CDUS46 KPQR 191141
CLIMMV


CLIMATE REPORT
NATIONAL WEATHER SERVICE PORTLAND OREGON
440 AM PDT SUN APR 19 2015


...................................

...THE MCMINNVILLE OR CLIMATE SUMMARY FOR APRIL 18 2015...

CLIMATE NORMAL PERIOD 1981 TO 2010
CLIMATE RECORD PERIOD 1894 TO 2015


WEATHER ITEM   OBSERVED TIME   RECORD YEAR NORMAL DEPARTURE LAST
                VALUE   (LST)  VALUE       VALUE  FROM      YEAR
                                                  NORMAL
..................................................................
TEMPERATURE (F)
 YESTERDAY
  MAXIMUM         77    344 PM  80    1939  61     16       61
  MINIMUM         38    542 AM  28    1972  39     -1       34
  AVERAGE         58                        50      8       48

PRECIPITATION (IN)
  YESTERDAY        0.00          0.69 1919   0.09  -0.09     0.00
  MONTH TO DATE    1.26                      1.93  -0.67     1.22
  SINCE OCT 1     30.60                     32.53  -1.93    21.79
  SINCE JAN 1     14.36                     16.50  -2.14    16.83

DEGREE DAYS
 HEATING
  YESTERDAY        7                        15     -8       17
  MONTH TO DATE  296                       284     12      228
  SINCE JUL 1   3206                      4235  -1029     4159

 COOLING
  YESTERDAY        0                         0      0        0
  MONTH TO DATE    0                         0      0        0
  SINCE JAN 1      0                         0      0        0
..................................................................


WIND (MPH)
  HIGHEST WIND SPEED    14   HIGHEST WIND DIRECTION     N (360)
  HIGHEST GUST SPEED    17   HIGHEST GUST DIRECTION     N (350)
  AVERAGE WIND SPEED     4.5


SKY COVER
  POSSIBLE SUNSHINE  MM
  AVERAGE SKY COVER 0.0


WEATHER CONDITIONS
 THE FOLLOWING WEATHER WAS RECORDED YESTERDAY.
  FOG


RELATIVE HUMIDITY (PERCENT)
 HIGHEST    93           400 AM
 LOWEST     27           400 PM
 AVERAGE    60

..........................................................


THE MCMINNVILLE OR CLIMATE NORMALS FOR TODAY
                         NORMAL    RECORD    YEAR
 MAXIMUM TEMPERATURE (F)   61        81      1956
 MINIMUM TEMPERATURE (F)   39        27      1977


SUNRISE AND SUNSET
APRIL 19 2015.........SUNRISE   521 AM PST   SUNSET   703 PM PST
APRIL 20 2015.........SUNRISE   519 AM PST   SUNSET   705 PM PST


-  INDICATES NEGATIVE NUMBERS.
R  INDICATES RECORD WAS SET OR TIED.
MM INDICATES DATA IS MISSING.
T  INDICATES TRACE AMOUNT.




$$
