000
CDUS46 KSTO 270836
CLIMOD


CLIMATE REPORT
NATIONAL WEATHER SERVICE SACRAMENTO, CA
135 AM PDT MON APR 27 2015


...................................

...THE MODESTO CA CLIMATE SUMMARY FOR APRIL 26 2015...

CLIMATE NORMAL PERIOD 1981 TO 2010
CLIMATE RECORD PERIOD 1931 TO 2015


WEATHER ITEM   OBSERVED TIME   RECORD YEAR NORMAL DEPARTURE LAST
                VALUE   (LST)  VALUE       VALUE  FROM      YEAR
                                                  NORMAL
..................................................................
TEMPERATURE (F)
 YESTERDAY
  MAXIMUM         80    312 PM  96    2004  78      2       67
  MINIMUM         51    528 AM  38    1943  51      0       46
  AVERAGE         66

PRECIPITATION (IN)
  YESTERDAY        0.00          0.81 1956   0.03  -0.03      T
  MONTH TO DATE    0.63                      0.87  -0.24     0.95
  SINCE OCT 1      9.98                     11.98  -2.00     6.86
  SINCE JAN 1      2.58                      7.90  -5.32     5.50

SNOWFALL (IN)
  YESTERDAY        0.0          MM      MM
  MONTH TO DATE    0.0
  SINCE MAR 1      0.0
  SINCE JUL 1      0.0
  SNOW DEPTH       0

DEGREE DAYS
 HEATING
  YESTERDAY        0                         3     -3        8
  MONTH TO DATE   83                       120    -37       92
  SINCE MAR 1    177                       357   -180      253
  SINCE JUL 1   1589                      2125   -536     1951

 COOLING
  YESTERDAY        1                         2     -1        0
  MONTH TO DATE   20                        29     -9       47
  SINCE MAR 1     52                        34     18       47
  SINCE JAN 1     52                        34     18       47
..................................................................


WIND (MPH)
  RESULTANT WIND SPEED  11   RESULTANT WIND DIRECTION  NW (320)
  HIGHEST WIND SPEED    24   HIGHEST WIND DIRECTION    NW (330)
  HIGHEST GUST SPEED    30   HIGHEST GUST DIRECTION    NW (330)


SKY COVER
  POSSIBLE SUNSHINE  MM
  AVERAGE SKY COVER 0.0


WEATHER CONDITIONS
 THE FOLLOWING WEATHER WAS RECORDED YESTERDAY.
  NO SIGNIFICANT WEATHER WAS OBSERVED.


RELATIVE HUMIDITY (PERCENT)
 HIGHEST    71           400 AM
 LOWEST     23           300 PM
 AVERAGE    47

..........................................................


THE MODESTO CA CLIMATE NORMALS FOR TODAY
                         NORMAL    RECORD    YEAR
 MAXIMUM TEMPERATURE (F)   78        98      2004
 MINIMUM TEMPERATURE (F)   51        36      1970


SUNRISE AND SUNSET
APRIL 27 2015.........SUNRISE   613 AM PDT   SUNSET   750 PM PDT
APRIL 28 2015.........SUNRISE   612 AM PDT   SUNSET   751 PM PDT


-  INDICATES NEGATIVE NUMBERS.
R  INDICATES RECORD WAS SET OR TIED.
MM INDICATES DATA IS MISSING.
T  INDICATES TRACE AMOUNT.




$$
