000
CDUS41 KLWX 272128
CLIMRB


CLIMATE REPORT
NATIONAL WEATHER SERVICE BALTIMORE MD/WASHINGTON DC
528 PM EDT MON APR 27 2015


...................................

...THE MARTINSBURG WV CLIMATE SUMMARY FOR APRIL 27 2015...
VALID TODAY AS OF 0500 PM LOCAL TIME.

CLIMATE NORMAL PERIOD 1981 TO 2010
CLIMATE RECORD PERIOD 1926 TO 2015


WEATHER ITEM   OBSERVED TIME   RECORD YEAR NORMAL DEPARTURE LAST
                VALUE   (LST)  VALUE       VALUE  FROM      YEAR
                                                  NORMAL
..................................................................
TEMPERATURE (F)
 TODAY
  MAXIMUM         58    319 PM  91    2009  68    -10       68
                                      1957
  MINIMUM         41    400 AM  27    1926  44     -3       42
  AVERAGE         50                        56     -6       55

PRECIPITATION (IN)
  TODAY            0.00          1.50 1937   0.12  -0.12     0.00
  MONTH TO DATE    2.76                      3.00  -0.24     2.33
  SINCE MAR 1      5.06                      6.52  -1.46     4.45
  SINCE JAN 1      7.35                     11.30  -3.95     8.20

DEGREE DAYS
 HEATING
  TODAY           15                         9      6       10
  MONTH TO DATE  263                       358    -95      317
  SINCE MAR 1   1005                      1072    -67     1152
  SINCE JUL 1   4928                      5028   -100     5245

 COOLING
  TODAY            0                         0      0        0
  MONTH TO DATE    1                         0      1        7
  SINCE MAR 1      1                         1      0        7
  SINCE JAN 1      1                         1      0        7
..................................................................


WIND (MPH)
  HIGHEST WIND SPEED    21   HIGHEST WIND DIRECTION     W (290)
  HIGHEST GUST SPEED    28   HIGHEST GUST DIRECTION     W (280)
  AVERAGE WIND SPEED     8.2


SKY COVER
  POSSIBLE SUNSHINE  MM
  AVERAGE SKY COVER 0.7


WEATHER CONDITIONS
 THE FOLLOWING WEATHER WAS RECORDED TODAY.
  NO SIGNIFICANT WEATHER WAS OBSERVED.


RELATIVE HUMIDITY (PERCENT)
 HIGHEST    62           400 AM
 LOWEST     38           100 PM
 AVERAGE    50

..........................................................


THE MARTINSBURG WV CLIMATE NORMALS FOR TOMORROW
                         NORMAL    RECORD    YEAR
 MAXIMUM TEMPERATURE (F)   68        92      1935
 MINIMUM TEMPERATURE (F)   44        30      1947


SUNRISE AND SUNSET
APRIL 27 2015.........SUNRISE   618 AM EDT   SUNSET   801 PM EDT
APRIL 28 2015.........SUNRISE   617 AM EDT   SUNSET   802 PM EDT


-  INDICATES NEGATIVE NUMBERS.
R  INDICATES RECORD WAS SET OR TIED.
MM INDICATES DATA IS MISSING.
T  INDICATES TRACE AMOUNT.




$$
