000
CDUS44 KHUN 260702
CLIMSL


CLIMATE REPORT
NATIONAL WEATHER SERVICE HUNTSVILLE AL
201 AM CDT SUN APR 26 2015


...................................

...THE MUSCLE SHOALS CLIMATE SUMMARY FOR APRIL 25 2015...

CLIMATE NORMAL PERIOD 1981 TO 2010
CLIMATE RECORD PERIOD 1893 TO 2015


WEATHER ITEM   OBSERVED TIME   RECORD YEAR NORMAL DEPARTURE LAST
                VALUE   (LST)  VALUE       VALUE  FROM      YEAR
                                                  NORMAL
..................................................................
TEMPERATURE (F)
 YESTERDAY
  MAXIMUM         78    453 PM  96    1925  76      2       78
  MINIMUM         56    202 AM  33    1910  52      4       51
  AVERAGE         67                        64      3       65

PRECIPITATION (IN)
  YESTERDAY        0.66          2.21 1932   0.15   0.51     0.00
  MONTH TO DATE    4.91                      3.62   1.29     3.50
  SINCE MAR 1     11.49                      8.38   3.11     6.12
  SINCE JAN 1     18.77                     17.65   1.12    11.81

SNOWFALL (IN)
  YESTERDAY        0.0
  MONTH TO DATE    0.0
  SINCE MAR 1      0.7
  SINCE JUL 1      4.2
  SNOW DEPTH       0

DEGREE DAYS
 HEATING
  YESTERDAY        0                         3     -3        0
  MONTH TO DATE   69                       147    -78      134
  SINCE MAR 1    417                       525   -108      577
  SINCE JUL 1   3188                      3060    128     3348

 COOLING
  YESTERDAY        2                         2      0        0
  MONTH TO DATE   54                        38     16       31
  SINCE MAR 1     56                        50      6       31
  SINCE JAN 1     56                        51      5       31
..................................................................


WIND (MPH)
  HIGHEST WIND SPEED    18   HIGHEST WIND DIRECTION    SW (240)
  HIGHEST GUST SPEED    24   HIGHEST GUST DIRECTION    SW (220)
  AVERAGE WIND SPEED    10.2


SKY COVER
  POSSIBLE SUNSHINE  MM
  AVERAGE SKY COVER 0.4


WEATHER CONDITIONS
 THE FOLLOWING WEATHER WAS RECORDED YESTERDAY.
  HEAVY RAIN
  RAIN
  LIGHT RAIN
  FOG


RELATIVE HUMIDITY (PERCENT)
 HIGHEST    93          1200 AM
 LOWEST     62           500 PM
 AVERAGE    78

..........................................................


THE MUSCLE SHOALS CLIMATE NORMALS FOR TODAY
                         NORMAL    RECORD    YEAR
 MAXIMUM TEMPERATURE (F)   76        95      1925
 MINIMUM TEMPERATURE (F)   53        30      1919


SUNRISE AND SUNSET
APRIL 26 2015.........SUNRISE   606 AM CDT   SUNSET   731 PM CDT
APRIL 27 2015.........SUNRISE   605 AM CDT   SUNSET   732 PM CDT


-  INDICATES NEGATIVE NUMBERS.
R  INDICATES RECORD WAS SET OR TIED.
MM INDICATES DATA IS MISSING.
T  INDICATES TRACE AMOUNT.




$$
