000
CDUS46 KMTR 250826
CLINUQ


CLIMATE REPORT
NATIONAL WEATHER SERVICE SAN FRANCISCO BAY AREA
126 AM PDT SAT APR 25 2015


...................................

...THE MOFFETT FIELD CLIMATE SUMMARY FOR APRIL 24 2015...

CLIMATE NORMAL PERIOD 1981 TO 2010
CLIMATE RECORD PERIOD 1945 TO 2015


WEATHER ITEM   OBSERVED TIME   RECORD YEAR NORMAL DEPARTURE LAST
                VALUE   (LST)  VALUE       VALUE  FROM      YEAR
                                                  NORMAL
..................................................................
TEMPERATURE (F)
 YESTERDAY
  MAXIMUM         67    158 PM  84    2004  70     -3       68
  MINIMUM         50    419 AM  38    1960  50      0       52
  AVERAGE         59                        60     -1       60

PRECIPITATION (IN)
  YESTERDAY        T             0.26 1951   0.03  -0.03      T
  MONTH TO DATE    0.60                      0.82  -0.22     0.58
  SINCE OCT 1     13.20                     13.74  -0.54     5.66
  SINCE JAN 1      3.21                      8.90  -5.69     4.90

DEGREE DAYS
 HEATING
  YESTERDAY        6                                         5
  MONTH TO DATE  140                                       106
  SINCE MAR 1    293                                       260
  SINCE JUL 1   1398                                      1718

 COOLING
  YESTERDAY        0                                         0
  MONTH TO DATE    1                                         8
  SINCE MAR 1      9                                        12
  SINCE JAN 1      9                                        12
..................................................................


WIND (MPH)
  RESULTANT WIND SPEED   3   RESULTANT WIND DIRECTION  NW (310)
  HIGHEST WIND SPEED    17   HIGHEST WIND DIRECTION    NW (330)
  HIGHEST GUST SPEED    23   HIGHEST GUST DIRECTION    NW (330)
  AVERAGE WIND SPEED     6.8


SKY COVER
  POSSIBLE SUNSHINE  MM
  AVERAGE SKY COVER 0.2


WEATHER CONDITIONS
 THE FOLLOWING WEATHER WAS RECORDED YESTERDAY.
  NO SIGNIFICANT WEATHER WAS OBSERVED.


RELATIVE HUMIDITY (PERCENT)
 HIGHEST    77          1200 AM
 LOWEST     34          1000 AM
 AVERAGE    56

..........................................................


THE MOFFETT FIELD CLIMATE NORMALS FOR TODAY
                         NORMAL    RECORD    YEAR
 MAXIMUM TEMPERATURE (F)   70        88      2004
 MINIMUM TEMPERATURE (F)   51        38      1958


SUNRISE AND SUNSET
APRIL 25 2015.........SUNRISE   620 AM PDT   SUNSET   752 PM PDT
APRIL 26 2015.........SUNRISE   619 AM PDT   SUNSET   753 PM PDT


-  INDICATES NEGATIVE NUMBERS.
R  INDICATES RECORD WAS SET OR TIED.
MM INDICATES DATA IS MISSING.
T  INDICATES TRACE AMOUNT.




$$
