000
CDUS45 KPSR 280013
CLINYL

CLIMATE REPORT
NATIONAL WEATHER SERVICE PHOENIX AZ
512 PM MST MON APR 27 2015


...................................

...THE YUMA AZ CLIMATE SUMMARY FOR APRIL 27 2015...
VALID TODAY AS OF 0500 PM LOCAL TIME.

CLIMATE NORMAL PERIOD 1981 TO 2010
CLIMATE RECORD PERIOD 1876 TO 2015


WEATHER ITEM   OBSERVED TIME   RECORD YEAR NORMAL DEPARTURE LAST
                VALUE   (LST)  VALUE       VALUE  FROM      YEAR
                                                  NORMAL
..................................................................
TEMPERATURE (F)
 TODAY
  MAXIMUM         90    455 PM 104    1992  90      0       81
  MINIMUM         63    502 AM  46    1955  63      0       53
  AVERAGE         77                        76      1       67

PRECIPITATION (IN)
  TODAY            0.00          0.07 1883   0.00   0.00     0.00
                                      1882
  MONTH TO DATE    T                         0.14  -0.14     0.00
  SINCE OCT 1      0.95                      2.17  -1.22     1.18
  SINCE JAN 1      0.51                      1.23  -0.72     0.07

DEGREE DAYS
 HEATING
  TODAY            0                         0      0        0
  MONTH TO DATE    0                        12    -12        5
  SINCE MAR 1     23                        62    -39        9
  SINCE JUL 1     83                       685   -602      370

 COOLING
  TODAY           12                        11      1        2
  MONTH TO DATE  227                       217     10      274
  SINCE MAR 1    522                       334    188      459
  SINCE JAN 1    633                       370    263      573
..................................................................


WIND (MPH)
  RESULTANT WIND SPEED   8   RESULTANT WIND DIRECTION   N (360)
  HIGHEST WIND SPEED    22   HIGHEST WIND DIRECTION     N (360)
  HIGHEST GUST SPEED    27   HIGHEST GUST DIRECTION     N (340)
  AVERAGE WIND SPEED     9.5


SKY COVER
  AVERAGE SKY COVER 0.1


WEATHER CONDITIONS
 THE FOLLOWING WEATHER WAS RECORDED TODAY.
  NO SIGNIFICANT WEATHER WAS OBSERVED.


RELATIVE HUMIDITY (PERCENT)
 HIGHEST    30
 LOWEST     10
 AVERAGE    20

..........................................................


THE YUMA AZ CLIMATE NORMALS FOR TOMORROW
                         NORMAL    RECORD    YEAR
 MAXIMUM TEMPERATURE (F)   90       106      1992
 MINIMUM TEMPERATURE (F)   63        45      1911


SUNRISE AND SUNSET
APRIL 27 2015.........SUNRISE   556 AM MST   SUNSET   717 PM MST
APRIL 28 2015.........SUNRISE   555 AM MST   SUNSET   718 PM MST


-  INDICATES NEGATIVE NUMBERS.
R  INDICATES RECORD WAS SET OR TIED.
MM INDICATES DATA IS MISSING.
T  INDICATES TRACE AMOUNT.

$$
