000
CDUS46 KSEW 050832
CLIOLM


CLIMATE REPORT
NATIONAL WEATHER SERVICE SEATTLE WA
132 AM PDT TUE MAY 5 2015


...................................

...THE OLYMPIA WA AIRPORT CLIMATE SUMMARY FOR MAY 4 2015...

CLIMATE NORMAL PERIOD 1981 TO 2010
CLIMATE RECORD PERIOD 1948 TO 2015


WEATHER ITEM   OBSERVED TIME   RECORD YEAR NORMAL DEPARTURE LAST
                VALUE   (LST)  VALUE       VALUE  FROM      YEAR
                                                  NORMAL
..................................................................
TEMPERATURE (F)
 YESTERDAY
  MAXIMUM         61    251 PM  89    1992  63     -2       59
  MINIMUM         37    518 AM  29    1962  41     -4       49
                                      1949
  AVERAGE         49                        52     -3       54

PRECIPITATION (IN)
  YESTERDAY        T             0.78 2009   0.08  -0.08     0.67
  MONTH TO DATE    T                         0.33  -0.33     1.48
  SINCE OCT 1     38.85                     42.96  -4.11    36.79
  SINCE JAN 1     19.82                     22.27  -2.45    27.95

DEGREE DAYS
 HEATING
  YESTERDAY       16                        13      3       11
  MONTH TO DATE   51                        55     -4       31
  SINCE MAR 1   1063                      1192   -129     1063
  SINCE JUL 1   4098                      4914   -816     4846

 COOLING
  YESTERDAY        0                         0      0        0
  MONTH TO DATE    0                         0      0        0
  SINCE MAR 1      0                         0      0        0
  SINCE JAN 1      0                         0      0        0
..................................................................


WIND (MPH)
  RESULTANT WIND SPEED   6   RESULTANT WIND DIRECTION  SW (240)
  HIGHEST WIND SPEED    18   HIGHEST WIND DIRECTION     W (270)
  HIGHEST GUST SPEED    25   HIGHEST GUST DIRECTION     W (270)
  AVERAGE WIND SPEED     6.7


SKY COVER
  AVERAGE SKY COVER 0.5


WEATHER CONDITIONS
 THE FOLLOWING WEATHER WAS RECORDED YESTERDAY.
  FOG


RELATIVE HUMIDITY (PERCENT)
 HIGHEST   100           400 AM
 LOWEST     44          1200 PM
 AVERAGE    72

..........................................................


THE OLYMPIA WA AIRPORT CLIMATE NORMALS FOR TODAY
                         NORMAL    RECORD    YEAR
 MAXIMUM TEMPERATURE (F)   63        88      1953
 MINIMUM TEMPERATURE (F)   41        27      1978


SUNRISE AND SUNSET
MAY  5 2015...........SUNRISE   550 AM PDT   SUNSET   827 PM PDT
MAY  6 2015...........SUNRISE   549 AM PDT   SUNSET   829 PM PDT


-  INDICATES NEGATIVE NUMBERS.
R  INDICATES RECORD WAS SET OR TIED.
MM INDICATES DATA IS MISSING.
T  INDICATES TRACE AMOUNT.




$$
