000
CDUS46 KOTX 070822
CLIOMK


CLIMATE REPORT
NATIONAL WEATHER SERVICE SPOKANE, WA
122 AM PDT THU MAY 7 2015


...................................

...THE OMAK WA AIRPORT CLIMATE SUMMARY FOR MAY 6 2015...

CLIMATE NORMAL PERIOD 1981 TO 2010
CLIMATE RECORD PERIOD 9999 TO 9999


WEATHER ITEM   OBSERVED TIME   RECORD YEAR NORMAL DEPARTURE LAST
                VALUE   (LST)  VALUE       VALUE  FROM      YEAR
                                                  NORMAL
..................................................................
TEMPERATURE (F)
 YESTERDAY
  MAXIMUM         67    315 PM  88    1992  69     -2       67
  MINIMUM         35    352 AM  23    2002  41     -6       34
  AVERAGE         51                        55     -4       51

PRECIPITATION (IN)
  YESTERDAY        0.00          0.35 1948   0.04  -0.04      T
  MONTH TO DATE    0.04                      0.24  -0.20     0.10
  SINCE OCT 1      9.36                     10.90  -1.54     5.43
  SINCE JAN 1      2.79                      5.45  -2.66     4.26

SNOWFALL (IN)
  YESTERDAY       MM

DEGREE DAYS
 HEATING
  YESTERDAY       14                        10      4       14
  MONTH TO DATE   58                        65     -7       46
  SINCE MAR 1   1061                      1243   -182     1259
  SINCE JUL 1   5247                      6104   -857     6249

 COOLING
  YESTERDAY        0                         0      0        0
  MONTH TO DATE    0                         0      0        0
  SINCE MAR 1      0                         1     -1        0
  SINCE JAN 1      0                         1     -1        0
..................................................................


WIND (MPH)
  HIGHEST WIND SPEED    26   HIGHEST WIND DIRECTION     N (10)
  HIGHEST GUST SPEED    32   HIGHEST GUST DIRECTION     N (20)
  AVERAGE WIND SPEED    13.9


SKY COVER
  POSSIBLE SUNSHINE  MM
  AVERAGE SKY COVER 0.0


WEATHER CONDITIONS
 THE FOLLOWING WEATHER WAS RECORDED YESTERDAY.
  NO SIGNIFICANT WEATHER WAS OBSERVED.


RELATIVE HUMIDITY (PERCENT)
 HIGHEST    70           100 AM
 LOWEST     24           300 PM
 AVERAGE    47

..........................................................


THE OMAK WA AIRPORT CLIMATE NORMALS FOR TODAY
                         NORMAL    RECORD    YEAR
 MAXIMUM TEMPERATURE (F)   70        91      1992
 MINIMUM TEMPERATURE (F)   41        28      2010


SUNRISE AND SUNSET
MAY  7 2015...........SUNRISE   529 AM PDT   SUNSET   821 PM PDT
MAY  8 2015...........SUNRISE   528 AM PDT   SUNSET   822 PM PDT


-  INDICATES NEGATIVE NUMBERS.
R  INDICATES RECORD WAS SET OR TIED.
MM INDICATES DATA IS MISSING.
T  INDICATES TRACE AMOUNT.




$$
