000
CDUS45 KBOI 050932
CLIONO


CLIMATE REPORT
NATIONAL WEATHER SERVICE BOISE ID
332 AM MDT TUE MAY 5 2015


...................................

...THE ONTARIO OR CLIMATE SUMMARY FOR MAY 4 2015...

CLIMATE NORMAL PERIOD 1981 TO 2010
CLIMATE RECORD PERIOD 1948 TO 2015


WEATHER ITEM   OBSERVED TIME   RECORD YEAR NORMAL DEPARTURE LAST
                VALUE   (LST)  VALUE       VALUE  FROM      YEAR
                                                  NORMAL
..................................................................
TEMPERATURE (F)
 YESTERDAY
  MAXIMUM         84    501 PM  98    1966  71     13       71
  MINIMUM         42    528 AM  28    1999  41      1       51
  AVERAGE         63                        56      7       61

PRECIPITATION (IN)
  YESTERDAY        0.00          0.69 2012   0.04  -0.04     0.00
  MONTH TO DATE    0.00                      0.15  -0.15     0.00
  SINCE OCT 1      6.86                      7.35  -0.49     5.82
  SINCE JAN 1      2.40                      3.94  -1.54     4.31

DEGREE DAYS
 HEATING
  YESTERDAY        2                        10     -8        4
  MONTH TO DATE   15                        41    -26       13
  SINCE MAR 1    925                      1152   -227     1004
  SINCE JUL 1   4719                      5782  -1063     5760

 COOLING
  YESTERDAY        0                         0      0        0
  MONTH TO DATE    0                         0      0        0
  SINCE MAR 1      0                         1     -1        0
  SINCE JAN 1      0                         1     -1        0
..................................................................


WIND (MPH)
  HIGHEST WIND SPEED    21   HIGHEST WIND DIRECTION    NW (330)
  HIGHEST GUST SPEED    28   HIGHEST GUST DIRECTION    NW (320)
  AVERAGE WIND SPEED     4.6


SKY COVER
  AVERAGE SKY COVER 0.0


WEATHER CONDITIONS
 THE FOLLOWING WEATHER WAS RECORDED YESTERDAY.
  NO SIGNIFICANT WEATHER WAS OBSERVED.


RELATIVE HUMIDITY (PERCENT)
 HIGHEST    65           500 AM
 LOWEST     18           600 PM
 AVERAGE    42

..........................................................


THE ONTARIO OR CLIMATE NORMALS FOR TODAY
                         NORMAL    RECORD    YEAR
 MAXIMUM TEMPERATURE (F)   71        95      1966
 MINIMUM TEMPERATURE (F)   41        29      1986


SUNRISE AND SUNSET
MAY  5 2015...........SUNRISE   634 AM MDT   SUNSET   856 PM MDT
MAY  6 2015...........SUNRISE   633 AM MDT   SUNSET   857 PM MDT


-  INDICATES NEGATIVE NUMBERS.
R  INDICATES RECORD WAS SET OR TIED.
MM INDICATES DATA IS MISSING.
T  INDICATES TRACE AMOUNT.




$$
