000
CDUS41 KAKQ 270538
CLIORF


CLIMATE REPORT
NATIONAL WEATHER SERVICE WAKEFIELD, VA
137 AM EDT MON APR 27 2015


...................................

...THE NORFOLK VA CLIMATE SUMMARY FOR APRIL 26 2015...

CLIMATE NORMAL PERIOD 1981 TO 2010
CLIMATE RECORD PERIOD 1871 TO 2015


WEATHER ITEM   OBSERVED TIME   RECORD YEAR NORMAL DEPARTURE LAST
                VALUE   (LST)  VALUE       VALUE  FROM      YEAR
                                                  NORMAL
..................................................................
TEMPERATURE (F)
 YESTERDAY
  MAXIMUM         58    415 PM  97    1960  71    -13       77
  MINIMUM         45   1152 PM  34    1888  52     -7       57
  AVERAGE         52                        61     -9       67

PRECIPITATION (IN)
  YESTERDAY        0.04          1.35 1978   0.11  -0.07      T
  MONTH TO DATE    4.38                      2.97   1.41     3.91
  SINCE MAR 1      7.07                      6.65   0.42     7.73
  SINCE JAN 1     13.25                     13.17   0.08    14.02

SNOWFALL (IN)
  YESTERDAY        0.0           0.0  2002   0.0    0.0
  MONTH TO DATE    0.0                       0.0    0.0
  SINCE NOV 1     12.7                       5.8    6.9
  SINCE JUL 1     12.7                       5.8    6.9
  SNOW DEPTH       0

DEGREE DAYS
 HEATING
  YESTERDAY       13                         6      7        0
  MONTH TO DATE  162                       219    -57      204
  SINCE MAR 1    701                       711    -10      778
  SINCE JUL 1   3537                      3280    257     3389

 COOLING
  YESTERDAY        0                         2     -2        2
  MONTH TO DATE   23                        32     -9       20
  SINCE MAR 1     25                        38    -13       21
  SINCE JAN 1     25                        39    -14       21
..................................................................


WIND (MPH)
  HIGHEST WIND SPEED    18   HIGHEST WIND DIRECTION    NE (30)
  HIGHEST GUST SPEED    23   HIGHEST GUST DIRECTION    NE (40)
  AVERAGE WIND SPEED     9.7


SKY COVER
  POSSIBLE SUNSHINE  MM
  AVERAGE SKY COVER 0.5


WEATHER CONDITIONS
 THE FOLLOWING WEATHER WAS RECORDED YESTERDAY.
  RAIN
  LIGHT RAIN
  FOG


RELATIVE HUMIDITY (PERCENT)
 HIGHEST    93           400 AM
 LOWEST     47           500 PM
 AVERAGE    70

..........................................................


THE NORFOLK VA CLIMATE NORMALS FOR TODAY
                         NORMAL    RECORD    YEAR
 MAXIMUM TEMPERATURE (F)   71        93      1915
 MINIMUM TEMPERATURE (F)   52        37      1972


SUNRISE AND SUNSET
APRIL 27 2015.........SUNRISE   616 AM EDT   SUNSET   750 PM EDT
APRIL 28 2015.........SUNRISE   614 AM EDT   SUNSET   751 PM EDT


-  INDICATES NEGATIVE NUMBERS.
R  INDICATES RECORD WAS SET OR TIED.
MM INDICATES DATA IS MISSING.
T  INDICATES TRACE AMOUNT.




$$
