000
CDUS45 KLKN 280030
CLIP68


CLIMATE REPORT
NATIONAL WEATHER SERVICE ELKO NV
528 PM PDT MON APR 27 2015


...................................

...THE EUREKA AIRPORT NV CLIMATE SUMMARY FOR APRIL 27 2015...
VALID TODAY AS OF 0500 PM LOCAL TIME.

CLIMATE NORMAL PERIOD 1981 TO 2010
CLIMATE RECORD PERIOD 1963 TO 2015


WEATHER ITEM   OBSERVED TIME   RECORD YEAR NORMAL DEPARTURE LAST
                VALUE   (LST)  VALUE       VALUE  FROM      YEAR
                                                  NORMAL
..................................................................
TEMPERATURE (F)
 TODAY
  MAXIMUM         63    359 PM  83    2000  63      0       51
  MINIMUM         17    455 AM   6    1966  30    -13       29
  AVERAGE         40                        46     -6       40

PRECIPITATION (IN)
  TODAY            0.00          0.32 2002   0.04  -0.04     0.00
  MONTH TO DATE    0.35                      0.87  -0.52     1.26
  SINCE OCT 1      2.37                      5.53  -3.16     6.00
  SINCE JAN 1      1.25                      3.40  -2.15     3.60

DEGREE DAYS
 HEATING
  TODAY           25                        19      6       25
  MONTH TO DATE  612                       595     17      520
  SINCE MAR 1   1252                      1466   -214     1298
  SINCE JUL 1   5295                      6751  -1456     6102

 COOLING
  TODAY            0                         0      0        0
  MONTH TO DATE    0                         0      0        0
  SINCE MAR 1      0                         0      0        0
  SINCE JAN 1      0                         0      0        0
..................................................................


WIND (MPH)
  HIGHEST WIND SPEED    15   HIGHEST WIND DIRECTION     N (10)
  HIGHEST GUST SPEED    19   HIGHEST GUST DIRECTION     N (10)




RELATIVE HUMIDITY (PERCENT)
 HIGHEST    80           500 AM
 LOWEST     14           300 PM
 AVERAGE    47

..........................................................


THE EUREKA AIRPORT NV CLIMATE NORMALS FOR TOMORROW
                         NORMAL    RECORD    YEAR
 MAXIMUM TEMPERATURE (F)   63        81      2007
 MINIMUM TEMPERATURE (F)   31        10      1966


SUNRISE AND SUNSET
APRIL 27 2015.........SUNRISE   550 AM PDT   SUNSET   733 PM PDT
APRIL 28 2015.........SUNRISE   549 AM PDT   SUNSET   734 PM PDT


-  INDICATES NEGATIVE NUMBERS.
R  INDICATES RECORD WAS SET OR TIED.
MM INDICATES DATA IS MISSING.
T  INDICATES TRACE AMOUNT.




$$
