000
CDUS44 KLZK 031311
CLIPBF


CLIMATE REPORT
NATIONAL WEATHER SERVICE LITTLE ROCK AR
811 AM CDT SUN MAY 3 2015


...................................

...THE PINE BLUFF CLIMATE SUMMARY FOR MAY 2 2015...

CLIMATE NORMAL PERIOD 1981 TO 2010
CLIMATE RECORD PERIOD 1883 TO 2015


WEATHER ITEM   OBSERVED TIME   RECORD YEAR NORMAL DEPARTURE LAST
                VALUE   (LST)  VALUE       VALUE  FROM      YEAR
                                                  NORMAL
..................................................................
TEMPERATURE (F)
 YESTERDAY
  MAXIMUM         78    449 PM  93    1946  78      0       75
                                      1943
  MINIMUM         46    508 AM  36    1909  57    -11       45
  AVERAGE         62                        68     -6       60

PRECIPITATION (IN)
  YESTERDAY        0.00          3.64 1984   0.17  -0.17      T
  MONTH TO DATE    0.00                      0.34  -0.34      T
  SINCE MAR 1     15.71                     10.67   5.04     9.69
  SINCE JAN 1     22.64                     18.49   4.15    15.12

SNOWFALL (IN)
  YESTERDAY        0.0          MM      MM   0.0    0.0      0.0
  MONTH TO DATE    0.0                       0.0    0.0      0.0
  SINCE MAR 1      2.0                       0.0    2.0       T
  SINCE JUL 1      9.2                       3.1    6.1      3.7
  SNOW DEPTH       0

DEGREE DAYS
 HEATING
  YESTERDAY        3                         1      2        5
  MONTH TO DATE    5                         3      2       14
  SINCE MAR 1    507                       479     28      652
  SINCE JUL 1   3241                      2867    374     3421

 COOLING
  YESTERDAY        0                         4     -4        0
  MONTH TO DATE    0                         8     -8        0
  SINCE MAR 1     85                        92     -7       54
  SINCE JAN 1     85                        95    -10       54
..................................................................


WIND (MPH)
  HIGHEST WIND SPEED     8   HIGHEST WIND DIRECTION     S (160)
  HIGHEST GUST SPEED    13   HIGHEST GUST DIRECTION     S (190)
  AVERAGE WIND SPEED     2.2


SKY COVER
  POSSIBLE SUNSHINE  MM
  AVERAGE SKY COVER 0.0


WEATHER CONDITIONS
 THE FOLLOWING WEATHER WAS RECORDED YESTERDAY.
  NO SIGNIFICANT WEATHER WAS OBSERVED.


RELATIVE HUMIDITY (PERCENT)
 HIGHEST    93           300 AM
 LOWEST     27           100 PM
 AVERAGE    60

..........................................................


THE PINE BLUFF CLIMATE NORMALS FOR TODAY
                         NORMAL    RECORD    YEAR
 MAXIMUM TEMPERATURE (F)   79        92      1952
                                             1943
 MINIMUM TEMPERATURE (F)   57        40      2013


SUNRISE AND SUNSET
MAY  3 2015...........SUNRISE   616 AM CDT   SUNSET   753 PM CDT
MAY  4 2015...........SUNRISE   616 AM CDT   SUNSET   754 PM CDT


-  INDICATES NEGATIVE NUMBERS.
R  INDICATES RECORD WAS SET OR TIED.
MM INDICATES DATA IS MISSING.
T  INDICATES TRACE AMOUNT.




$$
