000
CDUS41 KPBZ 070717
CLIPHD


CLIMATE REPORT
NATIONAL WEATHER SERVICE PITTSBURGH PA
316 AM EDT THU MAY 7 2015


...................................

...THE NEW PHILADELPHIA OH CLIMATE SUMMARY FOR MAY 6 2015...

CLIMATE NORMAL PERIOD 1981 TO 2010
CLIMATE RECORD PERIOD 1946 TO 2015


WEATHER ITEM   OBSERVED TIME   RECORD YEAR NORMAL DEPARTURE LAST
                VALUE   (LST)  VALUE       VALUE  FROM      YEAR
                                                  NORMAL
..................................................................
TEMPERATURE (F)
 YESTERDAY
  MAXIMUM         86R   224 PM  85    1980  69     17       69
  MINIMUM         59            25    1968  45     14       41
  AVERAGE         73                        57     16       55

PRECIPITATION (IN)
  YESTERDAY        0.00         MM      MM   0.12  -0.12     0.00
  MONTH TO DATE    0.49                      0.67  -0.18     0.09
  SINCE JUN 1     35.47                     35.40   0.07    36.52
  SINCE JAN 1     10.74                     12.10  -1.36    11.88

DEGREE DAYS
 HEATING
  YESTERDAY        0                         8     -8       10
  MONTH TO DATE   13                        54    -41       73
  SINCE MAR 1   1205                      1262    -57     1444
  SINCE JUL 1   5823                      5469    354     6077

 COOLING
  YESTERDAY        8                         0      8        0
  MONTH TO DATE   15                         0     15        0
  SINCE MAR 1     18                         7     11        1
  SINCE JAN 1     18                         7     11        1
..................................................................


WIND (MPH)
  HIGHEST WIND SPEED    13   HIGHEST WIND DIRECTION    NW (300)
  HIGHEST GUST SPEED    17   HIGHEST GUST DIRECTION    NW (320)
  AVERAGE WIND SPEED     2.4


SKY COVER
  POSSIBLE SUNSHINE  MM
  AVERAGE SKY COVER 0.5


WEATHER CONDITIONS
 THE FOLLOWING WEATHER WAS RECORDED YESTERDAY.
  THUNDERSTORM
  FOG
  FOG W/VISIBILITY <= 1/4 MILE
  HAZE


RELATIVE HUMIDITY (PERCENT)
 HIGHEST    97           200 AM
 LOWEST     40           200 PM
 AVERAGE    69

..........................................................


THE NEW PHILADELPHIA OH CLIMATE NORMALS FOR TODAY
                         NORMAL    RECORD    YEAR
 MAXIMUM TEMPERATURE (F)   70        87      1982
 MINIMUM TEMPERATURE (F)   45        25      1970


SUNRISE AND SUNSET
MAY  7 2015...........SUNRISE   618 AM EDT   SUNSET   827 PM EDT
MAY  8 2015...........SUNRISE   617 AM EDT   SUNSET   828 PM EDT


-  INDICATES NEGATIVE NUMBERS.
R  INDICATES RECORD WAS SET OR TIED.
MM INDICATES DATA IS MISSING.
T  INDICATES TRACE AMOUNT.




$$
