000
CDUS43 KUNR 200838
CLIPHP


CLIMATE REPORT
NATIONAL WEATHER SERVICE RAPID CITY SD
237 AM MDT MON APR 20 2015


...................................

...THE PHILIP SD CLIMATE SUMMARY FOR APRIL 19 2015...

CLIMATE NORMAL PERIOD 1981 TO 2010
CLIMATE RECORD PERIOD 9999 TO 9999


WEATHER ITEM   OBSERVED TIME   NORMAL DEPARTURE LAST
                VALUE   (LST)  VALUE  FROM      YEAR
                                      NORMAL
......................................................
TEMPERATURE (F)
 YESTERDAY
  MAXIMUM         54   1239 PM  62     -8       68
  MINIMUM         25   1131 PM  34     -9       37
  AVERAGE         40            48     -8       53

PRECIPITATION (IN)
  YESTERDAY        T             0.08  -0.08     0.00
  MONTH TO DATE    0.33          0.94  -0.61     0.54
  SINCE MAR 1      0.42          2.21  -1.79     1.08
  SINCE JAN 1      0.53          2.99  -2.46     1.56

DEGREE DAYS
 HEATING
  YESTERDAY       25            17      8       12
  MONTH TO DATE  351           394    -43      414
  SINCE MAR 1   1081          1332   -251     1404
  SINCE JUL 1   6221          6697   -476     7007

 COOLING
  YESTERDAY        0             0      0        0
  MONTH TO DATE    0             0      0        0
  SINCE MAR 1      3             0      3        0
  SINCE JAN 1      3             0      3        0
......................................................


WIND (MPH)
  HIGHEST WIND SPEED    38   HIGHEST WIND DIRECTION    NW (330)
  HIGHEST GUST SPEED    49   HIGHEST GUST DIRECTION    NW (330)
  AVERAGE WIND SPEED    18.9


SKY COVER
  AVERAGE SKY COVER 0.3


WEATHER CONDITIONS
 THE FOLLOWING WEATHER WAS RECORDED YESTERDAY.
  LIGHT RAIN


RELATIVE HUMIDITY (PERCENT)
 HIGHEST    86           200 AM
 LOWEST     33           500 PM
 AVERAGE    60

..........................................................




SUNRISE AND SUNSET
APRIL 20 2015.........SUNRISE   555 AM MDT   SUNSET   736 PM MDT
APRIL 21 2015.........SUNRISE   554 AM MDT   SUNSET   737 PM MDT


-  INDICATES NEGATIVE NUMBERS.
R  INDICATES RECORD WAS SET OR TIED.
MM INDICATES DATA IS MISSING.
T  INDICATES TRACE AMOUNT.




$$
