000
CDUS43 KABR 031028
CLIPIR


CLIMATE REPORT
NATIONAL WEATHER SERVICE ABERDEEN SD
522 AM CDT SUN MAY 3 2015


...................................

...THE PIERRE SD CLIMATE SUMMARY FOR MAY 2 2015...

CLIMATE NORMAL PERIOD 1981 TO 2010
CLIMATE RECORD PERIOD 1892 TO 2015


WEATHER ITEM   OBSERVED TIME   RECORD YEAR NORMAL DEPARTURE LAST
                VALUE   (LST)  VALUE       VALUE  FROM      YEAR
                                                  NORMAL
..................................................................
TEMPERATURE (F)
 YESTERDAY
  MAXIMUM         89    319 PM  92    1955  67     22       61
  MINIMUM         46    512 AM  22    2013  41      5       42
  AVERAGE         68                        54     14       52

PRECIPITATION (IN)
  YESTERDAY        0.00          1.76 1964   0.09  -0.09      T
  MONTH TO DATE    0.00                      0.18  -0.18      T
  SINCE MAR 1      0.82                      3.22  -2.40     2.96
  SINCE JAN 1      1.17                      4.23  -3.06     3.53

SNOWFALL (IN)
  YESTERDAY        0.0           0.6  1954   0.1   -0.1      0.0
  MONTH TO DATE    0.0                       0.1   -0.1      0.0
  SINCE OCT 1     27.1                      32.0   -4.9     34.6
  SINCE JUL 1     27.1                      32.0   -4.9     34.6
  SNOW DEPTH       0

DEGREE DAYS
 HEATING
  YESTERDAY        0                        12    -12       13
  MONTH TO DATE    6                        24    -18       30
  SINCE MAR 1   1209                      1516   -307     1702
  SINCE JUL 1   6718                      7014   -296     7697

 COOLING
  YESTERDAY        3                         0      3        0
  MONTH TO DATE    3                         0      3        0
  SINCE MAR 1      8                         4      4        0
  SINCE JAN 1      8                         4      4        0
..................................................................


WIND (MPH)
  RESULTANT WIND SPEED   7   RESULTANT WIND DIRECTION  SE (150)
  HIGHEST WIND SPEED    23   HIGHEST WIND DIRECTION     S (180)
  HIGHEST GUST SPEED    29   HIGHEST GUST DIRECTION     S (200)
  AVERAGE WIND SPEED     9.7




RELATIVE HUMIDITY (PERCENT)
 HIGHEST    71           400 AM
 LOWEST     15           200 PM
 AVERAGE    43

..........................................................


THE PIERRE SD CLIMATE NORMALS FOR TODAY
                         NORMAL    RECORD    YEAR
 MAXIMUM TEMPERATURE (F)   67        94      1982
 MINIMUM TEMPERATURE (F)   41        21      2013


SUNRISE AND SUNSET
MAY  3 2015...........SUNRISE   629 AM CDT   SUNSET   847 PM CDT
MAY  4 2015...........SUNRISE   628 AM CDT   SUNSET   849 PM CDT


-  INDICATES NEGATIVE NUMBERS.
R  INDICATES RECORD WAS SET OR TIED.
MM INDICATES DATA IS MISSING.
T  INDICATES TRACE AMOUNT.




$$
