000
CDUS41 KPBZ 270704
CLIPIT

CLIMATE REPORT
NATIONAL WEATHER SERVICE PITTSBURGH PA
303 AM EDT MON APR 27 2015

...................................

...THE PITTSBURGH PA CLIMATE SUMMARY FOR APRIL 26 2015...

CLIMATE NORMAL PERIOD 1981 TO 2010
CLIMATE RECORD PERIOD 1871 TO 2015

WEATHER ITEM   OBSERVED TIME   RECORD YEAR NORMAL DEPARTURE LAST
                VALUE   (LST)  VALUE       VALUE  FROM      YEAR
                                                  NORMAL
..................................................................
TEMPERATURE (F)
 YESTERDAY
  MAXIMUM         59    502 PM  87    1990  65     -6       70
                                      1942
                                      1915
  MINIMUM         40    555 AM  29    1981  44     -4       40
                                      1919
  AVERAGE         50                        54     -4       55

PRECIPITATION (IN)
  YESTERDAY        0.00          1.50 1998   0.11  -0.11      T
  MONTH TO DATE    3.58                      2.70   0.88     3.13
  SINCE JUN 1     33.14                     33.83  -0.69    33.74
  SINCE JAN 1     11.39                     10.74   0.65     9.43

SNOWFALL (IN)
  YESTERDAY        0.0           T    1933   0.0    0.0      0.0
  MONTH TO DATE    0.3                       1.5   -1.2      0.1
  SINCE OCT 1     47.5                      41.9    5.6     63.4
  SINCE JUL 1     47.5                      41.9    5.6     63.4
  SNOW DEPTH       0

DEGREE DAYS
 HEATING
  YESTERDAY       15                        11      4       10
  MONTH TO DATE  300                       389    -89      337
  SINCE MAR 1   1198                      1177     21     1277
  SINCE JUL 1   5866                      5434    432     5808

 COOLING
  YESTERDAY        0                         0      0        0
  MONTH TO DATE    1                         0      1       10
  SINCE MAR 1      1                         1      0       10
  SINCE JAN 1      1                         1      0       10
..................................................................

WIND (MPH)
  HIGHEST WIND SPEED    22   HIGHEST WIND DIRECTION    NW (330)
  HIGHEST GUST SPEED    28   HIGHEST GUST DIRECTION     N (340)
  AVERAGE WIND SPEED    10.9


SKY COVER
  POSSIBLE SUNSHINE  MM
  AVERAGE SKY COVER 0.4


WEATHER CONDITIONS
 THE FOLLOWING WEATHER WAS RECORDED YESTERDAY.
  NO SIGNIFICANT WEATHER WAS OBSERVED.


RELATIVE HUMIDITY (PERCENT)
 HIGHEST    59           600 AM
 LOWEST     30           100 PM
 AVERAGE    45

..........................................................


THE PITTSBURGH PA CLIMATE NORMALS FOR TODAY
                         NORMAL    RECORD    YEAR
 MAXIMUM TEMPERATURE (F)   66        89      1990
 MINIMUM TEMPERATURE (F)   44        24      1971


SUNRISE AND SUNSET
APRIL 27 2015.........SUNRISE   626 AM EDT   SUNSET   812 PM EDT
APRIL 28 2015.........SUNRISE   624 AM EDT   SUNSET   813 PM EDT


-  INDICATES NEGATIVE NUMBERS.
R  INDICATES RECORD WAS SET OR TIED.
MM INDICATES DATA IS MISSING.
T  INDICATES TRACE AMOUNT.

&&

SNOW DEPTH IS MEASURED AT 7 AM EST OR 8 AM EDT.

$$
