000
CDUS44 KMOB 242229
CLIPNS


CLIMATE REPORT
NATIONAL WEATHER SERVICE MOBILE AL
527 PM CDT FRI APR 24 2015


...................................

...THE PENSACOLA CLIMATE SUMMARY FOR APRIL 24 2015...
VALID TODAY AS OF 0500 PM LOCAL TIME.

CLIMATE NORMAL PERIOD 1981 TO 2010
CLIMATE RECORD PERIOD 1879 TO 2015


WEATHER ITEM   OBSERVED TIME   RECORD YEAR NORMAL DEPARTURE LAST
                VALUE   (LST)  VALUE       VALUE  FROM      YEAR
                                                  NORMAL
..................................................................
TEMPERATURE (F)
 TODAY
  MAXIMUM         80   1254 PM  89    1992  78      2       78
                                      1991
                                      1962
  MINIMUM         64    531 AM  45    2012  60      4       65
                                      1884
  AVERAGE         72                        69      3       72

PRECIPITATION (IN)
  TODAY            0.00         10.58 1937   0.13  -0.13     0.00
  MONTH TO DATE    9.01                      3.53   5.48     9.06
  SINCE MAR 1     11.39                      9.34   2.05    18.84
  SINCE JAN 1     21.80                     19.03   2.77    30.17

DEGREE DAYS
 HEATING
  TODAY            0                         1     -1        0
  MONTH TO DATE    1                        48    -47       41
  SINCE MAR 1    101                       224   -123      246
  SINCE JUL 1   1544                      1532     12     1583

 COOLING
  TODAY            7                         5      2        7
  MONTH TO DATE  166                        70     96       67
  SINCE MAR 1    268                       103    165       73
  SINCE JAN 1    275                       117    158       88
..................................................................


WIND (MPH)
  HIGHEST WIND SPEED    17   HIGHEST WIND DIRECTION    SE (130)
  HIGHEST GUST SPEED    22   HIGHEST GUST DIRECTION    SE (130)
  AVERAGE WIND SPEED     8.2


SKY COVER
  POSSIBLE SUNSHINE  MM
  AVERAGE SKY COVER 0.0


WEATHER CONDITIONS
 THE FOLLOWING WEATHER WAS RECORDED TODAY.
  NO SIGNIFICANT WEATHER WAS OBSERVED.


RELATIVE HUMIDITY (PERCENT)
 HIGHEST    84           500 AM
 LOWEST     49           100 PM
 AVERAGE    67

..........................................................


THE PENSACOLA CLIMATE NORMALS FOR TOMORROW
                         NORMAL    RECORD    YEAR
 MAXIMUM TEMPERATURE (F)   78        87      1999
 MINIMUM TEMPERATURE (F)   60        40      1910


SUNRISE AND SUNSET
APRIL 24 2015.........SUNRISE   612 AM CDT   SUNSET   722 PM CDT
APRIL 25 2015.........SUNRISE   611 AM CDT   SUNSET   723 PM CDT


-  INDICATES NEGATIVE NUMBERS.
R  INDICATES RECORD WAS SET OR TIED.
MM INDICATES DATA IS MISSING.
T  INDICATES TRACE AMOUNT.




$$
