000
CDUS44 KMOB 012235
CLIPNS


CLIMATE REPORT
NATIONAL WEATHER SERVICE MOBILE AL
533 PM CDT WED APR 1 2015


...................................

...THE PENSACOLA CLIMATE SUMMARY FOR APRIL 1 2015...
VALID TODAY AS OF 0500 PM LOCAL TIME.

CLIMATE NORMAL PERIOD 1981 TO 2010
CLIMATE RECORD PERIOD 1879 TO 2015


WEATHER ITEM   OBSERVED TIME   RECORD YEAR NORMAL DEPARTURE LAST
                VALUE   (LST)  VALUE       VALUE  FROM      YEAR
                                                  NORMAL
..................................................................
TEMPERATURE (F)
 TODAY
  MAXIMUM         81   1126 AM  84    2012  73      8       71
  MINIMUM         61    541 AM  34    1987  54      7       49
  AVERAGE         71                        63      8       60

PRECIPITATION (IN)
  TODAY            0.00          6.48 2005   0.16  -0.16     0.00
  MONTH TO DATE    0.00                      0.16  -0.16     0.00
  SINCE MAR 1      2.38                      5.97  -3.59     9.78
  SINCE JAN 1     12.79                     15.66  -2.87    21.11

DEGREE DAYS
 HEATING
  TODAY            0                         3     -3        5
  MONTH TO DATE    0                         3     -3        5
  SINCE MAR 1    100                       179    -79      210
  SINCE JUL 1   1543                      1487     56     1547

 COOLING
  TODAY            6                         2      4        0
  MONTH TO DATE    6                         2      4        0
  SINCE MAR 1    108                        35     73        6
  SINCE JAN 1    115                        49     66       21
..................................................................


WIND (MPH)
  HIGHEST WIND SPEED    21   HIGHEST WIND DIRECTION    SW (210)
  HIGHEST GUST SPEED    24   HIGHEST GUST DIRECTION    SW (210)
  AVERAGE WIND SPEED     8.9


SKY COVER
  POSSIBLE SUNSHINE  MM
  AVERAGE SKY COVER 0.2


WEATHER CONDITIONS
 THE FOLLOWING WEATHER WAS RECORDED TODAY.
  NO SIGNIFICANT WEATHER WAS OBSERVED.


RELATIVE HUMIDITY (PERCENT)
 HIGHEST    93           400 AM
 LOWEST     52           400 PM
 AVERAGE    73

..........................................................


THE PENSACOLA CLIMATE NORMALS FOR TOMORROW
                         NORMAL    RECORD    YEAR
 MAXIMUM TEMPERATURE (F)   73        84      1927
 MINIMUM TEMPERATURE (F)   54        34      1881


SUNRISE AND SUNSET
APRIL  1 2015.........SUNRISE   638 AM CDT   SUNSET   708 PM CDT
APRIL  2 2015.........SUNRISE   637 AM CDT   SUNSET   708 PM CDT


-  INDICATES NEGATIVE NUMBERS.
R  INDICATES RECORD WAS SET OR TIED.
MM INDICATES DATA IS MISSING.
T  INDICATES TRACE AMOUNT.




$$
