000
CDUS46 KOTX 270821
CLIPUW


CLIMATE REPORT
NATIONAL WEATHER SERVICE SPOKANE, WA
120 AM PDT MON APR 27 2015


...................................

...THE PULLMAN-MOSCOW  AIRPORT CLIMATE SUMMARY FOR APRIL 26 2015...

CLIMATE NORMAL PERIOD 1981 TO 2010
CLIMATE RECORD PERIOD 9999 TO 9999


WEATHER ITEM   OBSERVED TIME   RECORD YEAR NORMAL DEPARTURE LAST
                VALUE   (LST)  VALUE       VALUE  FROM      YEAR
                                                  NORMAL
..................................................................
TEMPERATURE (F)
 YESTERDAY
  MAXIMUM         57    225 PM  82    1977  60     -3       52
  MINIMUM         26R   521 AM  26    1970  37    -11       34
  AVERAGE         42                        48     -6       43

PRECIPITATION (IN)
  YESTERDAY        0.00          0.60 2012   0.05  -0.05     0.00
  MONTH TO DATE    0.58                      1.37  -0.79     1.28
  SINCE OCT 1     13.68                     11.96   1.72    11.88
  SINCE JAN 1      6.83                      6.76   0.07     8.54

SNOWFALL (IN)
  YESTERDAY       MM

DEGREE DAYS
 HEATING
  YESTERDAY       23                        17      6       22
  MONTH TO DATE  519                       505     14      488
  SINCE MAR 1   1116                      1261   -145     1202
  SINCE JUL 1   4947                      5964  -1017     6053

 COOLING
  YESTERDAY        0                         0      0        0
  MONTH TO DATE    0                         0      0        0
  SINCE MAR 1      0                         0      0        0
  SINCE JAN 1      0                         0      0        0
..................................................................


WIND (MPH)
  HIGHEST WIND SPEED    14   HIGHEST WIND DIRECTION     W (280)
  HIGHEST GUST SPEED    21   HIGHEST GUST DIRECTION     W (280)
  AVERAGE WIND SPEED     3.4


SKY COVER
  POSSIBLE SUNSHINE  MM
  AVERAGE SKY COVER 0.0


WEATHER CONDITIONS
 THE FOLLOWING WEATHER WAS RECORDED YESTERDAY.
  NO SIGNIFICANT WEATHER WAS OBSERVED.


RELATIVE HUMIDITY (PERCENT)
 HIGHEST    92           300 AM
 LOWEST     26           400 PM
 AVERAGE    59

..........................................................


THE PULLMAN-MOSCOW  AIRPORT CLIMATE NORMALS FOR TODAY
                         NORMAL    RECORD    YEAR
 MAXIMUM TEMPERATURE (F)   60        77      1987
 MINIMUM TEMPERATURE (F)   37        25      1984


SUNRISE AND SUNSET
APRIL 27 2015.........SUNRISE   540 AM PDT   SUNSET   753 PM PDT
APRIL 28 2015.........SUNRISE   539 AM PDT   SUNSET   754 PM PDT


-  INDICATES NEGATIVE NUMBERS.
R  INDICATES RECORD WAS SET OR TIED.
MM INDICATES DATA IS MISSING.
T  INDICATES TRACE AMOUNT.




$$
