000
CDUS46 KSTO 020037
CLIRDD

CLIMATE REPORT
NATIONAL WEATHER SERVICE SACRAMENTO, CA
537 PM PDT WED APR 1 2015


...................................

...THE REDDING AIRPORT CA CLIMATE SUMMARY FOR APRIL 1 2015...
VALID TODAY AS OF 0500 PM LOCAL TIME.

CLIMATE NORMAL PERIOD 1981 TO 2010
CLIMATE RECORD PERIOD 1986 TO 2015


WEATHER ITEM   OBSERVED RECORD YEAR NORMAL DEPARTURE LAST
                VALUE   VALUE       VALUE  FROM      YEAR
                                           NORMAL
...........................................................
TEMPERATURE (F)
 TODAY
  MAXIMUM         72     91    2002  67      5       52
  MINIMUM         41     31    1999  44     -3       43
  AVERAGE         57

PRECIPITATION (IN)
  TODAY            0.00   0.52 1996   0.09  -0.09     0.07
  MONTH TO DATE    0.00               0.09  -0.09     0.07
  SINCE OCT 1     20.95              28.78  -7.83    16.13
  SINCE JAN 1      4.70              15.93 -11.23    14.02

SNOWFALL (IN)
  TODAY            0.0   MM      MM  MM              MM
  MONTH TO DATE    0.0               MM              MM
  SINCE MAR 1      0.0               MM               0.0
  SINCE JUL 1      0.0               MM               5.0

DEGREE DAYS
 HEATING
  TODAY            8

 COOLING
  TODAY            0
...........................................................


WIND (MPH)
  RESULTANT WIND SPEED   9   RESULTANT WIND DIRECTION   N (350)
  HIGHEST WIND SPEED    22   HIGHEST WIND DIRECTION     N (20)
  HIGHEST GUST SPEED    28   HIGHEST GUST DIRECTION     N (20)


SKY COVER
  POSSIBLE SUNSHINE  MM
  AVERAGE SKY COVER 0.0


WEATHER CONDITIONS
 THE FOLLOWING WEATHER WAS RECORDED TODAY.
  NO SIGNIFICANT WEATHER WAS OBSERVED.


RELATIVE HUMIDITY (PERCENT)
 HIGHEST    67
 LOWEST     15
 AVERAGE    41

..........................................................


THE REDDING AIRPORT CA CLIMATE NORMALS FOR TOMORROW
                         NORMAL    RECORD    YEAR
 MAXIMUM TEMPERATURE (F)   67        89      2002
                                             2000
 MINIMUM TEMPERATURE (F)   44        35      2014
                                             2008


SUNRISE AND SUNSET
APRIL  1 2015.........SUNRISE   653 AM PDT   SUNSET   734 PM PDT
APRIL  2 2015.........SUNRISE   651 AM PDT   SUNSET   735 PM PDT


-  INDICATES NEGATIVE NUMBERS.
R  INDICATES RECORD WAS SET OR TIED.
MM INDICATES DATA IS MISSING.
T  INDICATES TRACE AMOUNT.






&&
....................................................................

REDDING CITY CLIMATE DATA FOR APRIL 01

CLIMATE RECORD PERIOD 1897-1986

RECORD HIGH..............     88 IN 1966
RECORD LOW...............     30 IN 1951

RECORD RAINFALL..........   3.21 IN 1974

$$
