000
CDUS46 KPDT 020049
CLIRDM

CLIMATE REPORT
NATIONAL WEATHER SERVICE PENDLETON OR
549 PM PDT WED APR 1 2015


...................................

...THE REDMOND OR CLIMATE SUMMARY FOR APRIL 1 2015...
VALID TODAY AS OF 0500 PM LOCAL TIME.

CLIMATE NORMAL PERIOD 1981 TO 2010
CLIMATE RECORD PERIOD 1949 TO 2015


WEATHER ITEM   OBSERVED TIME   RECORD YEAR NORMAL DEPARTURE LAST
                VALUE   (LST)  VALUE       VALUE  FROM      YEAR
                                                  NORMAL
..................................................................
TEMPERATURE (F)
 TODAY
  MAXIMUM         52    143 PM  79    2000  57     -5       38
  MINIMUM         20    555 AM  10    2008  28     -8       31
  AVERAGE         36                        42     -6       35

PRECIPITATION (IN)
  TODAY            T             0.29 2014   0.02  -0.02     0.29
  MONTH TO DATE    T                         0.02  -0.02     0.29
  SINCE OCT 1      5.66                      5.06   0.60     3.51
  SINCE JAN 1      1.38                      2.30  -0.92     2.80

DEGREE DAYS
 HEATING
  TODAY           29                        23      6       30
  MONTH TO DATE   29                        23      6       30
  SINCE MAR 1    650                       801   -151      751
  SINCE JUL 1   4683                      5474   -791     5544

 COOLING
  TODAY            0                         0      0        0
  MONTH TO DATE    0                         0      0        0
  SINCE MAR 1      0                         0      0        0
  SINCE JAN 1      0                         0      0        0
..................................................................


WIND (MPH)
  RESULTANT WIND SPEED   1   RESULTANT WIND DIRECTION   S (190)
  HIGHEST WIND SPEED    21   HIGHEST WIND DIRECTION    NW (310)
  HIGHEST GUST SPEED    25   HIGHEST GUST DIRECTION     W (290)
  AVERAGE WIND SPEED     4.3


SKY COVER
  POSSIBLE SUNSHINE  MM
  AVERAGE SKY COVER 0.1


WEATHER CONDITIONS
 THE FOLLOWING WEATHER WAS RECORDED TODAY.
  LIGHT RAIN


RELATIVE HUMIDITY (PERCENT)
 HIGHEST    96           300 AM
 LOWEST     29           200 PM
 AVERAGE    63

..........................................................


THE REDMOND OR CLIMATE NORMALS FOR TOMORROW
                         NORMAL    RECORD    YEAR
 MAXIMUM TEMPERATURE (F)   57        80      1992
 MINIMUM TEMPERATURE (F)   28        10      1963


SUNRISE AND SUNSET
APRIL  1 2015.........SUNRISE   646 AM PDT   SUNSET   732 PM PDT
APRIL  2 2015.........SUNRISE   644 AM PDT   SUNSET   733 PM PDT


-  INDICATES NEGATIVE NUMBERS.
R  INDICATES RECORD WAS SET OR TIED.
MM INDICATES DATA IS MISSING.
T  INDICATES TRACE AMOUNT.

$$
