000
CDUS43 KLOT 062139
CLIRFD


CLIMATE REPORT
NATIONAL WEATHER SERVICE CHICAGO IL
437 PM CDT WED MAY 6 2015


...................................

...THE ROCKFORD IL CLIMATE SUMMARY FOR MAY 6 2015...
VALID TODAY AS OF 0400 PM LOCAL TIME.

CLIMATE NORMAL PERIOD 1981 TO 2010
CLIMATE RECORD PERIOD 1905 TO 2015


WEATHER ITEM   OBSERVED TIME   RECORD YEAR NORMAL DEPARTURE LAST
                VALUE   (LST)  VALUE       VALUE  FROM      YEAR
                                                  NORMAL
..................................................................
TEMPERATURE (F)
 TODAY
  MAXIMUM         81    255 PM  95    1934  69     12       66
  MINIMUM         50    455 AM  29    1989  45      5       41
                                      1967
  AVERAGE         66                        57      9       54

PRECIPITATION (IN)
  TODAY            0.00          2.15 1960   0.12  -0.12     0.00
  MONTH TO DATE    1.83                      0.68   1.15     0.10
  SINCE MAR 1      6.25                      6.35  -0.10     4.00
  SINCE JAN 1      8.17                      9.13  -0.96     7.74

SNOWFALL (IN)
  TODAY            0.0           T    2002   0.0    0.0      0.0
  MONTH TO DATE    0.0                       0.0    0.0       T
  SINCE MAR 1      7.6                       5.7    1.9      9.4
  SINCE JUL 1     35.5                      36.7   -1.2     56.9

DEGREE DAYS
 HEATING
  TODAY            0                         9     -9       11
  MONTH TO DATE   24                        57    -33       83
  SINCE MAR 1   1374                      1395    -21     1662
  SINCE JUL 1   6820                      6397    423     7554

 COOLING
  TODAY            1                         1      0        0
  MONTH TO DATE    2                         4     -2        0
  SINCE MAR 1      2                        12    -10        0
  SINCE JAN 1      2                        12    -10        0
..................................................................


WIND (MPH)
  HIGHEST WIND SPEED    15   HIGHEST WIND DIRECTION    SE (150)
  HIGHEST GUST SPEED    18   HIGHEST GUST DIRECTION     S (160)
  AVERAGE WIND SPEED     7.7


SKY COVER
  POSSIBLE SUNSHINE  MM
  AVERAGE SKY COVER 0.9


WEATHER CONDITIONS
 THE FOLLOWING WEATHER WAS RECORDED TODAY.
  FOG
  FOG W/VISIBILITY <= 1/4 MILE
  HAZE


RELATIVE HUMIDITY (PERCENT)
 HIGHEST   100           700 AM
 LOWEST     49           300 PM
 AVERAGE    75

..........................................................


THE ROCKFORD IL CLIMATE NORMALS FOR TOMORROW
                         NORMAL    RECORD    YEAR
 MAXIMUM TEMPERATURE (F)   69        89      1934
                                             1926
 MINIMUM TEMPERATURE (F)   46        28      1989
                                             1976


SUNRISE AND SUNSET
MAY  6 2015...........SUNRISE   546 AM CDT   SUNSET   801 PM CDT
MAY  7 2015...........SUNRISE   545 AM CDT   SUNSET   802 PM CDT


-  INDICATES NEGATIVE NUMBERS.
R  INDICATES RECORD WAS SET OR TIED.
MM INDICATES DATA IS MISSING.
T  INDICATES TRACE AMOUNT.




$$
