000
CDUS45 KRIW 250038
CLIRKS


CLIMATE REPORT
NATIONAL WEATHER SERVICE RIVERTON WY
638 PM MDT FRI APR 24 2015


...................................

...THE ROCK SPRINGS WY CLIMATE SUMMARY FOR APRIL 24 2015...
VALID TODAY AS OF 0500 PM LOCAL TIME.

CLIMATE NORMAL PERIOD 1981 TO 2010
CLIMATE RECORD PERIOD 1948 TO 2015


WEATHER ITEM   OBSERVED TIME   RECORD YEAR NORMAL DEPARTURE LAST
                VALUE   (LST)  VALUE       VALUE  FROM      YEAR
                                                  NORMAL
..................................................................
TEMPERATURE (F)
 TODAY
  MAXIMUM         58        MM  78    2012  56      2       60
  MINIMUM         33        MM  15    1958  31      2       26
  AVERAGE         46                        44      2       43

PRECIPITATION (IN)
  TODAY            0.03                      0.03   0.00     0.00
  MONTH TO DATE    0.39                      0.69  -0.30     0.17
  SINCE MAR 1      0.61                      1.37  -0.76     0.60
  SINCE JAN 1      0.70                      2.30  -1.60     0.75

DEGREE DAYS
 HEATING
  TODAY           19                        21     -2       22
  MONTH TO DATE  573                       582     -9      515
  SINCE MAR 1   1346                      1559   -213     1401
  SINCE JUL 1   6459                      7411   -952     6853

 COOLING
  TODAY            0                         0      0        0
  MONTH TO DATE    0                         0      0        0
  SINCE MAR 1      0                         0      0        0
  SINCE JAN 1      0                         0      0        0
..................................................................


WIND (MPH)
  HIGHEST WIND SPEED    16   HIGHEST WIND DIRECTION    NW (310)
  HIGHEST GUST SPEED    35   HIGHEST GUST DIRECTION    SW (240)
  AVERAGE WIND SPEED     8.4


SKY COVER
  POSSIBLE SUNSHINE  MM
  AVERAGE SKY COVER 0.4


WEATHER CONDITIONS
 THE FOLLOWING WEATHER WAS RECORDED TODAY.
  THUNDERSTORM
  RAIN
  LIGHT RAIN


RELATIVE HUMIDITY (PERCENT)
 HIGHEST    82          1200 AM
 LOWEST     33          1200 PM
 AVERAGE    58

..........................................................


THE ROCK SPRINGS WY CLIMATE NORMALS FOR TOMORROW
                         NORMAL    RECORD    YEAR
 MAXIMUM TEMPERATURE (F)   57        74      1987
 MINIMUM TEMPERATURE (F)   32        20      1950


SUNRISE AND SUNSET
APRIL 24 2015.........SUNRISE   623 AM MDT   SUNSET   806 PM MDT
APRIL 25 2015.........SUNRISE   622 AM MDT   SUNSET   808 PM MDT


-  INDICATES NEGATIVE NUMBERS.
R  INDICATES RECORD WAS SET OR TIED.
MM INDICATES DATA IS MISSING.
T  INDICATES TRACE AMOUNT.




$$
