000
CDUS46 KSGX 210017
CLIRNM


CLIMATE REPORT
NATIONAL WEATHER SERVICE SAN DIEGO, CA
516 PM PDT MON APR 20 2015


...................................

...THE RAMONA AIRPORT CA CLIMATE SUMMARY FOR APRIL 20 2015...
VALID TODAY AS OF 0500 PM LOCAL TIME.

CLIMATE NORMAL PERIOD 1981 TO 2010
CLIMATE RECORD PERIOD 1974 TO 2015


WEATHER ITEM   OBSERVED TIME   RECORD YEAR NORMAL DEPARTURE LAST
                VALUE   (LST)  VALUE       VALUE  FROM      YEAR
                                                  NORMAL
..................................................................
TEMPERATURE (F)
 TODAY
  MAXIMUM         72   1255 PM  96    2009  71      1       78
  MINIMUM         43   1252 AM  34    2005  42      1       42
                                      1977
  AVERAGE         58                        57      1       60

PRECIPITATION (IN)
  TODAY            0.00          1.35 1988   0.06  -0.06     0.00
  MONTH TO DATE    0.05                      0.93  -0.88     0.46
  SINCE OCT 1      7.49                     14.58  -7.09     7.23
  SINCE JAN 1      2.89                     10.44  -7.55     4.56

SNOWFALL (IN)
  TODAY            0.0
  MONTH TO DATE    0.0
  SINCE MAR 1      0.0
  SINCE JUL 1      0.0
  SNOW DEPTH       0

DEGREE DAYS
 HEATING
  TODAY            7                         9     -2        5
  MONTH TO DATE  142                       201    -59      139
  SINCE MAR 1    335                       576   -241      385
  SINCE JUL 1   1519                      2317   -798     1806

 COOLING
  TODAY            0                         0      0        0
  MONTH TO DATE    0                         0      0        3
  SINCE MAR 1      7                         0      7        3
  SINCE JAN 1      9                         1      8        3
..................................................................


WIND (MPH)
  RESULTANT WIND SPEED   3   RESULTANT WIND DIRECTION   W (290)
  HIGHEST WIND SPEED    16   HIGHEST WIND DIRECTION     W (260)
  HIGHEST GUST SPEED    20   HIGHEST GUST DIRECTION     W (270)
  AVERAGE WIND SPEED     5.8


SKY COVER
  POSSIBLE SUNSHINE  MM
  AVERAGE SKY COVER 0.4


WEATHER CONDITIONS
 THE FOLLOWING WEATHER WAS RECORDED TODAY.
  FOG
  FOG W/VISIBILITY <= 1/4 MILE
  HAZE


RELATIVE HUMIDITY (PERCENT)
 HIGHEST   100           300 AM
 LOWEST     44          1100 AM
 AVERAGE    72

..........................................................


THE RAMONA AIRPORT CA CLIMATE NORMALS FOR TOMORROW
                         NORMAL    RECORD    YEAR
 MAXIMUM TEMPERATURE (F)   71        94      2009
 MINIMUM TEMPERATURE (F)   43        33      1974


SUNRISE AND SUNSET
APRIL 20 2015.........SUNRISE   612 AM PDT   SUNSET   722 PM PDT
APRIL 21 2015.........SUNRISE   611 AM PDT   SUNSET   722 PM PDT


-  INDICATES NEGATIVE NUMBERS.
R  INDICATES RECORD WAS SET OR TIED.
MM INDICATES DATA IS MISSING.
T  INDICATES TRACE AMOUNT.




$$
