000
CDUS45 KREV 050838
CLIRNO


CLIMATE REPORT
NATIONAL WEATHER SERVICE RENO NV
138 AM PDT TUE MAY 5 2015


...................................

...THE RENO TAHOE AIRPORT NV CLIMATE SUMMARY FOR MAY 4 2015...

CLIMATE NORMAL PERIOD 1981 TO 2010
CLIMATE RECORD PERIOD 1888 TO 2015


WEATHER ITEM   OBSERVED TIME   RECORD YEAR NORMAL DEPARTURE LAST
                VALUE   (LST)  VALUE       VALUE  FROM      YEAR
                                                  NORMAL
..................................................................
TEMPERATURE (F)
 YESTERDAY
  MAXIMUM         79    145 PM  87    1992  70      9       74
  MINIMUM         49    524 AM  24    1959  42      7       54
  AVERAGE         64                        56      8       64

PRECIPITATION (IN)
  YESTERDAY        T             0.17 1930   0.01  -0.01     0.00
                                      1915
                                      1907
  MONTH TO DATE    T                         0.06  -0.06     0.00
  SINCE OCT 1      3.27                      5.70  -2.43     2.42
  SINCE JAN 1      1.85                      3.34  -1.49     1.46

SNOWFALL (IN)
  YESTERDAY        0.0           T    1964   0.1   -0.1      0.0
  MONTH TO DATE    0.0                       0.1   -0.1      0.0
  SINCE MAR 1      T                         2.6   -2.6       T
  SINCE JUL 1      2.7                      21.6  -18.9      6.2
  SNOW DEPTH       0

DEGREE DAYS
 HEATING
  YESTERDAY        1                         9     -8        1
  MONTH TO DATE    1                        39    -38        2
  SINCE MAR 1    769                      1063   -294      826
  SINCE JUL 1   3634                      4701  -1067     4410

 COOLING
  YESTERDAY        0                         0      0        0
  MONTH TO DATE    3                         0      3        5
  SINCE MAR 1      3                         1      2        5
  SINCE JAN 1      3                         1      2        5
..................................................................


WIND (MPH)
  RESULTANT WIND SPEED   2   RESULTANT WIND DIRECTION   W (270)
  HIGHEST WIND SPEED    29   HIGHEST WIND DIRECTION     S (170)
  HIGHEST GUST SPEED    35   HIGHEST GUST DIRECTION     S (180)
  AVERAGE WIND SPEED     7.0



WEATHER CONDITIONS
 THE FOLLOWING WEATHER WAS RECORDED YESTERDAY.
  THUNDERSTORM
  LIGHT RAIN


RELATIVE HUMIDITY (PERCENT)
 HIGHEST    56           400 AM
 LOWEST     14           100 PM
 AVERAGE    35

..........................................................


THE RENO TAHOE AIRPORT NV CLIMATE NORMALS FOR TODAY
                         NORMAL    RECORD    YEAR
 MAXIMUM TEMPERATURE (F)   70        87      1992
                                             1990
                                             1989
 MINIMUM TEMPERATURE (F)   43        22      1960


SUNRISE AND SUNSET
MAY  5 2015...........SUNRISE   556 AM PDT   SUNSET   757 PM PDT
MAY  6 2015...........SUNRISE   554 AM PDT   SUNSET   758 PM PDT


-  INDICATES NEGATIVE NUMBERS.
R  INDICATES RECORD WAS SET OR TIED.
MM INDICATES DATA IS MISSING.
T  INDICATES TRACE AMOUNT.




$$
