000
CDUS43 KARX 210905
CLIRST


CLIMATE REPORT
NATIONAL WEATHER SERVICE LA CROSSE WI
151 AM CDT TUE APR 21 2015


...................................

...THE ROCHESTER MN CLIMATE SUMMARY FOR APRIL 20 2015...

CLIMATE NORMAL PERIOD 1981 TO 2010
CLIMATE RECORD PERIOD 1886 TO 2015


WEATHER ITEM   OBSERVED TIME   RECORD YEAR NORMAL DEPARTURE LAST
                VALUE   (LST)  VALUE       VALUE  FROM      YEAR
                                                  NORMAL
..................................................................
TEMPERATURE (F)
 YESTERDAY
  MAXIMUM         44   1230 AM  85    1987  60    -16       67
  MINIMUM         35   1159 PM  21    1956  38     -3       52
  AVERAGE         40                        49     -9       60

PRECIPITATION (IN)
  YESTERDAY        0.23          1.40 1893   0.12   0.11     0.29
  MONTH TO DATE    4.61                      2.03   2.58     2.44
  SINCE MAR 1      5.68                      3.91   1.77     3.59
  SINCE JAN 1      7.04                      5.60   1.44     6.35

SNOWFALL (IN)
  YESTERDAY        T            14.0  1893   0.1   -0.1      0.0
  MONTH TO DATE    1.5                       2.6   -1.1      5.1
  SINCE JUL 1     50.4                      51.2   -0.8     59.1
  SNOW DEPTH       0

DEGREE DAYS
 HEATING
  YESTERDAY       25                        16      9        5
  MONTH TO DATE  331                       413    -82      469
  SINCE JUL 1   7629                      7285    344     8449

 COOLING
  YESTERDAY        0                         0      0        0
  MONTH TO DATE    0                         0      0        0
  SINCE JAN 1      0                         0      0        0
..................................................................


WIND (MPH)
  HIGHEST WIND SPEED    31   HIGHEST WIND DIRECTION    NW (320)
  HIGHEST GUST SPEED    38   HIGHEST GUST DIRECTION    NW (330)
  AVERAGE WIND SPEED    22.2


SKY COVER
  POSSIBLE SUNSHINE  MM
  AVERAGE SKY COVER 1.0


WEATHER CONDITIONS
 THE FOLLOWING WEATHER WAS RECORDED YESTERDAY.
  RAIN
  LIGHT RAIN
  LIGHT SNOW
  FOG


RELATIVE HUMIDITY (PERCENT)
 HIGHEST    92          1200 AM
 LOWEST     64           400 PM
 AVERAGE    78

..........................................................


THE ROCHESTER MN CLIMATE NORMALS FOR TODAY
                         NORMAL    RECORD    YEAR
 MAXIMUM TEMPERATURE (F)   60        91      1980
 MINIMUM TEMPERATURE (F)   39        18      1934


SUNRISE AND SUNSET
APRIL 21 2015.........SUNRISE   617 AM CDT   SUNSET   801 PM CDT
APRIL 22 2015.........SUNRISE   616 AM CDT   SUNSET   802 PM CDT


-  INDICATES NEGATIVE NUMBERS.
R  INDICATES RECORD WAS SET OR TIED.
MM INDICATES DATA IS MISSING.
T  INDICATES TRACE AMOUNT.




$$
