000
CDUS45 KCYS 180738
CLIRWL


CLIMATE REPORT
NATIONAL WEATHER SERVICE CHEYENNE WY
136 AM MDT SAT APR 18 2015


...................................

...THE RAWLINS WY AIRPORT CLIMATE SUMMARY FOR APRIL 17 2015...

CLIMATE NORMAL PERIOD 1981 TO 2010
CLIMATE RECORD PERIOD 1951 TO 2015


WEATHER ITEM   OBSERVED TIME   RECORD YEAR NORMAL DEPARTURE LAST
                VALUE   (LST)  VALUE       VALUE  FROM      YEAR
                                                  NORMAL
..................................................................
TEMPERATURE (F)
 YESTERDAY
  MAXIMUM         37    435 PM  77    1994  54    -17       59
  MINIMUM         32   1159 PM  10    2013  27      5       18
  AVERAGE         35                        40     -5       39

PRECIPITATION (IN)
  YESTERDAY        0.24          0.68 1968   0.04   0.20     0.00
  MONTH TO DATE    0.44                      0.56  -0.12     0.48
  SINCE JAN 1      1.45                      2.02  -0.57     1.53

DEGREE DAYS
 HEATING
  YESTERDAY       30                        25      5       26
  MONTH TO DATE  436                       454    -18      446
  SINCE MAR 1   1264                      1469   -205     1387
  SINCE JUL 1   6495                      7426   -931     7151

 COOLING
  YESTERDAY        0                         0      0        0
  MONTH TO DATE    0                         0      0        0
  SINCE MAR 1      0                         0      0        0
  SINCE JAN 1      0                         0      0        0
..................................................................


WIND (MPH)
  HIGHEST WIND SPEED    22   HIGHEST WIND DIRECTION    NE (30)
  HIGHEST GUST SPEED    27   HIGHEST GUST DIRECTION    NE (40)
  AVERAGE WIND SPEED    13.3


SKY COVER
  AVERAGE SKY COVER 1.0


WEATHER CONDITIONS
 THE FOLLOWING WEATHER WAS RECORDED YESTERDAY.
  SNOW
  LIGHT SNOW
  FOG
  FOG W/VISIBILITY <= 1/4 MILE


RELATIVE HUMIDITY (PERCENT)
 HIGHEST   100           900 PM
 LOWEST     85           400 PM
 AVERAGE    93

..........................................................


THE RAWLINS WY AIRPORT CLIMATE NORMALS FOR TODAY
                         NORMAL    RECORD    YEAR
 MAXIMUM TEMPERATURE (F)   54        73      1994
 MINIMUM TEMPERATURE (F)   27        -7      2013


SUNRISE AND SUNSET
APRIL 18 2015.........SUNRISE   624 AM MDT   SUNSET   753 PM MDT
APRIL 19 2015.........SUNRISE   623 AM MDT   SUNSET   754 PM MDT


-  INDICATES NEGATIVE NUMBERS.
R  INDICATES RECORD WAS SET OR TIED.
MM INDICATES DATA IS MISSING.
T  INDICATES TRACE AMOUNT.




$$
