000
CDUS46 KLOX 250856
CLISBA


CLIMATE REPORT
NATIONAL WEATHER SERVICE LOS ANGELES/OXNARD CA
156 AM PDT SAT APR 25 2015


...................................

...THE SANTA BARBARA AIRPORT CA CLIMATE SUMMARY FOR APRIL 24 2015...

CLIMATE NORMAL PERIOD 1981 TO 2010
CLIMATE RECORD PERIOD 1940 TO 2015


WEATHER ITEM   OBSERVED TIME   RECORD YEAR NORMAL DEPARTURE LAST
                VALUE   (LST)  VALUE       VALUE  FROM      YEAR
                                                  NORMAL
..................................................................
TEMPERATURE (F)
 YESTERDAY
  MAXIMUM         66   1242 PM  87    1985  68     -2       72
  MINIMUM         48    522 AM  36    1960  49     -1       47
  AVERAGE         57                        58     -1       60

PRECIPITATION (IN)
  YESTERDAY        0.00          0.05 1975   0.03  -0.03     0.00
  MONTH TO DATE    0.18                      0.87  -0.69     0.26
  SINCE OCT 1      9.00                     16.81  -7.81     6.48
  SINCE JAN 1      2.71                     11.51  -8.80     5.19

SNOWFALL (IN)
  YESTERDAY        0.0
  MONTH TO DATE    0.0
  SINCE MAR 1      0.0
  SINCE JUL 1      0.0

DEGREE DAYS
 HEATING
  YESTERDAY        8                         7      1        5
  MONTH TO DATE  135                       190    -55      148
  SINCE MAR 1    257                       486   -229      314
  SINCE JUL 1   1082                      2087  -1005     1549

 COOLING
  YESTERDAY        0                         0      0        0
  MONTH TO DATE    0                         0      0        0
  SINCE MAR 1     34                         2     32        5
  SINCE JAN 1     34                         2     32        5
..................................................................


WIND (MPH)
  HIGHEST WIND SPEED    13   HIGHEST WIND DIRECTION    SE (150)
  HIGHEST GUST SPEED    15   HIGHEST GUST DIRECTION    SE (140)
  AVERAGE WIND SPEED     4.7


SKY COVER
  POSSIBLE SUNSHINE  MM
  AVERAGE SKY COVER 0.2


WEATHER CONDITIONS
 THE FOLLOWING WEATHER WAS RECORDED YESTERDAY.
  NO SIGNIFICANT WEATHER WAS OBSERVED.


RELATIVE HUMIDITY (PERCENT)
 HIGHEST    93           600 AM
 LOWEST     60           800 AM
 AVERAGE    77

..........................................................


THE SANTA BARBARA AIRPORT CA CLIMATE NORMALS FOR TODAY
                         NORMAL    RECORD    YEAR
 MAXIMUM TEMPERATURE (F)   68        88      1948
 MINIMUM TEMPERATURE (F)   49        39      2009


SUNRISE AND SUNSET
APRIL 25 2015.........SUNRISE   616 AM PDT   SUNSET   739 PM PDT
APRIL 26 2015.........SUNRISE   615 AM PDT   SUNSET   740 PM PDT


-  INDICATES NEGATIVE NUMBERS.
R  INDICATES RECORD WAS SET OR TIED.
MM INDICATES DATA IS MISSING.
T  INDICATES TRACE AMOUNT.




$$
