000
CDUS43 KIWX 190526
CLISBN


CLIMATE REPORT
NATIONAL WEATHER SERVICE NORTHERN INDIANA
126 AM EDT SUN APR 19 2015


...................................

...THE SOUTH BEND CLIMATE SUMMARY FOR APRIL 18 2015...

CLIMATE NORMAL PERIOD 1981 TO 2010
CLIMATE RECORD PERIOD 1893 TO 2015


WEATHER ITEM   OBSERVED TIME   RECORD YEAR NORMAL DEPARTURE LAST
                VALUE   (LST)  VALUE       VALUE  FROM      YEAR
                                                  NORMAL
..................................................................
TEMPERATURE (F)
 YESTERDAY
  MAXIMUM         80    227 PM  87    2004  61     19       60
  MINIMUM         53    603 AM  23    1926  40     13       34
  AVERAGE         67                        50     17       47

PRECIPITATION (IN)
  YESTERDAY        0.00          1.95 1975   0.11  -0.11     0.01
  MONTH TO DATE    1.29                      1.90  -0.61     1.42
  SINCE MAR 1      2.07                      4.32  -2.25     3.11
  SINCE JAN 1      5.97                      8.56  -2.59     9.05

SNOWFALL (IN)
  YESTERDAY        0.0           1.5  1989   0.1   -0.1      0.0
  MONTH TO DATE    0.0                       1.2   -1.2      1.1
  SINCE MAR 1      6.1                       8.3   -2.2     12.9
  SINCE JUL 1     83.9                      66.4   17.5    106.9
  SNOW DEPTH       0

DEGREE DAYS
 HEATING
  YESTERDAY        0                        15    -15       18
  MONTH TO DATE  213                       331   -118      328
  SINCE MAR 1   1155                      1186    -31     1404
  SINCE JUL 1   6252                      5875    377     6587

 COOLING
  YESTERDAY        2                         0      2        0
  MONTH TO DATE    2                         0      2        2
  SINCE MAR 1      2                         1      1        2
  SINCE JAN 1      2                         1      1        2
..................................................................


WIND (MPH)
  HIGHEST WIND SPEED    24   HIGHEST WIND DIRECTION     E (110)
  HIGHEST GUST SPEED    32   HIGHEST GUST DIRECTION     E (110)
  AVERAGE WIND SPEED     6.9


SKY COVER
  AVERAGE SKY COVER 0.1


WEATHER CONDITIONS
 THE FOLLOWING WEATHER WAS RECORDED YESTERDAY.
  NO SIGNIFICANT WEATHER WAS OBSERVED.


RELATIVE HUMIDITY (PERCENT)
 HIGHEST    66          1200 AM
 LOWEST     23          1100 PM
 AVERAGE    45

..........................................................


THE SOUTH BEND CLIMATE NORMALS FOR TODAY
                         NORMAL    RECORD    YEAR
 MAXIMUM TEMPERATURE (F)   61        84      1985
 MINIMUM TEMPERATURE (F)   40        20      1926


SUNRISE AND SUNSET
APRIL 19 2015.........SUNRISE   659 AM EDT   SUNSET   830 PM EDT
APRIL 20 2015.........SUNRISE   658 AM EDT   SUNSET   831 PM EDT


-  INDICATES NEGATIVE NUMBERS.
R  INDICATES RECORD WAS SET OR TIED.
MM INDICATES DATA IS MISSING.
T  INDICATES TRACE AMOUNT.




$$
