000
CDUS41 KAKQ 070532
CLISBY


CLIMATE REPORT
NATIONAL WEATHER SERVICE WAKEFIELD, VA
132 AM EDT THU MAY 7 2015


...................................

...THE SALISBURY MD CLIMATE SUMMARY FOR MAY 6 2015...

CLIMATE NORMAL PERIOD 1981 TO 2010
CLIMATE RECORD PERIOD 1900 TO 2015


WEATHER ITEM   OBSERVED TIME   RECORD YEAR NORMAL DEPARTURE LAST
                VALUE   (LST)  VALUE       VALUE  FROM      YEAR
                                                  NORMAL
..................................................................
TEMPERATURE (F)
 YESTERDAY
  MAXIMUM         82   1237 PM  92    1930  71     11       75
  MINIMUM         53   1117 PM  30    1920  49      4       50
  AVERAGE         68                        60      8       63

PRECIPITATION (IN)
  YESTERDAY        0.00          2.22 1919   0.11  -0.11     0.02
  MONTH TO DATE    0.13                      0.62  -0.49     0.14
  SINCE MAR 1      7.87                      8.59  -0.72     9.12
  SINCE JAN 1     15.59                     15.55   0.04    16.34

SNOWFALL (IN)
  YESTERDAY        0.0           0.0  2002   0.0    0.0
                                      2001
  MONTH TO DATE    0.0                       0.0    0.0
  SINCE NOV 1     15.7                       9.3    6.4
  SINCE JUL 1     15.7                       9.3    6.4
  SNOW DEPTH       0

DEGREE DAYS
 HEATING
  YESTERDAY        0                         6     -6        2
  MONTH TO DATE   30                        41    -11       18
  SINCE MAR 1   1014                      1016     -2      999
  SINCE JUL 1   4227                      4321    -94     4139

 COOLING
  YESTERDAY        3                         1      2        0
  MONTH TO DATE   11                         6      5        6
  SINCE MAR 1     18                        23     -5       20
  SINCE JAN 1     18                        23     -5       20
..................................................................


WIND (MPH)
  HIGHEST WIND SPEED    15   HIGHEST WIND DIRECTION    NE (60)
  HIGHEST GUST SPEED    19   HIGHEST GUST DIRECTION    NE (60)
  AVERAGE WIND SPEED     5.3


SKY COVER
  POSSIBLE SUNSHINE  MM
  AVERAGE SKY COVER 0.1


WEATHER CONDITIONS
 THE FOLLOWING WEATHER WAS RECORDED YESTERDAY.
  NO SIGNIFICANT WEATHER WAS OBSERVED.


RELATIVE HUMIDITY (PERCENT)
 HIGHEST    93          1100 PM
 LOWEST     48          1100 AM
 AVERAGE    71

..........................................................


THE SALISBURY MD CLIMATE NORMALS FOR TODAY
                         NORMAL    RECORD    YEAR
 MAXIMUM TEMPERATURE (F)   71        92      1930
 MINIMUM TEMPERATURE (F)   49        32      1970


SUNRISE AND SUNSET
MAY  7 2015...........SUNRISE   559 AM EDT   SUNSET   759 PM EDT
MAY  8 2015...........SUNRISE   558 AM EDT   SUNSET   800 PM EDT


-  INDICATES NEGATIVE NUMBERS.
R  INDICATES RECORD WAS SET OR TIED.
MM INDICATES DATA IS MISSING.
T  INDICATES TRACE AMOUNT.




$$
