000
CDUS43 KLMK 062032
CLISDF


CLIMATE REPORT
NATIONAL WEATHER SERVICE LOUISVILLE KY
431 PM EDT WED MAY 6 2015


...................................

...THE LOUISVILLE KY CLIMATE SUMMARY FOR MAY 6 2015...
VALID TODAY AS OF 0400 PM LOCAL TIME.

CLIMATE NORMAL PERIOD 1981 TO 2010
CLIMATE RECORD PERIOD 1871 TO 2015


WEATHER ITEM   OBSERVED TIME   RECORD YEAR NORMAL DEPARTURE LAST
                VALUE   (LST)  VALUE       VALUE  FROM      YEAR
                                                  NORMAL
..................................................................
TEMPERATURE (F)
 TODAY
  MAXIMUM         88    223 PM  94    1949  75     13       86
  MINIMUM         61    613 AM  33    1898  54      7       57
  AVERAGE         75                        64     11       72

PRECIPITATION (IN)
  TODAY            0.00          1.84 1971   0.18  -0.18     0.00
  MONTH TO DATE    0.00                      1.05  -1.05     0.00
  SINCE MAR 1     18.64                      9.23   9.41     9.31
  SINCE JAN 1     21.74                     15.65   6.09    15.47

SNOWFALL (IN)
  TODAY            0.0           1.0  1898   0.0    0.0      0.0
  MONTH TO DATE    0.0                       0.0    0.0      0.0
  SINCE MAR 1     11.9                       1.5   10.4      4.2
  SINCE JUL 1     27.6                      12.5   15.1     26.0
  SNOW DEPTH       0

DEGREE DAYS
 HEATING
  TODAY            0                         3     -3        0
  MONTH TO DATE    6                        22    -16       26
  SINCE MAR 1    749                       806    -57      850
  SINCE JUL 1   4369                      4047    322     4504

 COOLING
  TODAY           10                         2      8        7
  MONTH TO DATE   29                        12     17       17
  SINCE MAR 1     71                        55     16       48
  SINCE JAN 1     71                        55     16       48
..................................................................


WIND (MPH)
  HIGHEST WIND SPEED    10   HIGHEST WIND DIRECTION    SE (140)
  HIGHEST GUST SPEED    14   HIGHEST GUST DIRECTION    SE (130)
  AVERAGE WIND SPEED     2.6


SKY COVER
  POSSIBLE SUNSHINE  MM
  AVERAGE SKY COVER 0.3


WEATHER CONDITIONS
 THE FOLLOWING WEATHER WAS RECORDED TODAY.
  NO SIGNIFICANT WEATHER WAS OBSERVED.


RELATIVE HUMIDITY (PERCENT)
 HIGHEST    84           600 AM
 LOWEST     32           200 PM
 AVERAGE    58

..........................................................


THE LOUISVILLE KY CLIMATE NORMALS FOR TOMORROW
                         NORMAL    RECORD    YEAR
 MAXIMUM TEMPERATURE (F)   75        89      1940
 MINIMUM TEMPERATURE (F)   54        36      1989


SUNRISE AND SUNSET
MAY  6 2015...........SUNRISE   641 AM EDT   SUNSET   839 PM EDT
MAY  7 2015...........SUNRISE   640 AM EDT   SUNSET   839 PM EDT


-  INDICATES NEGATIVE NUMBERS.
R  INDICATES RECORD WAS SET OR TIED.
MM INDICATES DATA IS MISSING.
T  INDICATES TRACE AMOUNT.




$$
