000
CDUS44 KSJT 190735
CLISJT


CLIMATE REPORT
NATIONAL WEATHER SERVICE SAN ANGELO TX
234 AM CDT SUN APR 19 2015


...................................

...THE SAN ANGELO CLIMATE SUMMARY FOR APRIL 18 2015...

CLIMATE NORMAL PERIOD 1981 TO 2010
CLIMATE RECORD PERIOD 1907 TO 2015


WEATHER ITEM   OBSERVED TIME   RECORD YEAR NORMAL DEPARTURE LAST
                VALUE   (LST)  VALUE       VALUE  FROM      YEAR
                                                  NORMAL
..................................................................
TEMPERATURE (F)
 YESTERDAY
  MAXIMUM         80    459 PM 105    1925  81     -1       78
  MINIMUM         54   1140 PM  28    1947  52      2       56
  AVERAGE         67                        67      0       67

PRECIPITATION (IN)
  YESTERDAY        T             2.22 1908   0.05  -0.05     0.00
  MONTH TO DATE    1.73                      0.78   0.95     0.26
  SINCE MAR 1      3.39                      2.28   1.11     0.31
  SINCE JAN 1      5.65                      4.56   1.09     0.37

SNOWFALL (IN)
  YESTERDAY        0.0           0.0  2002   0.0    0.0      0.0
  MONTH TO DATE    0.0                       0.0    0.0      0.0
  SINCE NOV 1      1.4                       2.2   -0.8      1.6
  SINCE JUL 1      1.4                       2.2   -0.8      1.6
  SNOW DEPTH       0

DEGREE DAYS
 HEATING
  YESTERDAY        0                         3     -3        0
  MONTH TO DATE   17                        69    -52       65
  SINCE MAR 1    303                       326    -23      347
  SINCE JUL 1   2150                      2287   -137     2467

 COOLING
  YESTERDAY        2                         4     -2        2
  MONTH TO DATE   99                        55     44       97
  SINCE MAR 1    150                        88     62      152
  SINCE JAN 1    152                        93     59      155
..................................................................


WIND (MPH)
  HIGHEST WIND SPEED    20   HIGHEST WIND DIRECTION     E (110)
  HIGHEST GUST SPEED    24   HIGHEST GUST DIRECTION    SE (120)
  AVERAGE WIND SPEED     5.8


SKY COVER
  POSSIBLE SUNSHINE  MM
  AVERAGE SKY COVER 0.2


WEATHER CONDITIONS
 THE FOLLOWING WEATHER WAS RECORDED YESTERDAY.
  THUNDERSTORM
  LIGHT RAIN


RELATIVE HUMIDITY (PERCENT)
 HIGHEST    93          1200 AM
 LOWEST     36           500 PM
 AVERAGE    65

..........................................................


THE SAN ANGELO CLIMATE NORMALS FOR TODAY
                         NORMAL    RECORD    YEAR
 MAXIMUM TEMPERATURE (F)   81       107      1925
 MINIMUM TEMPERATURE (F)   53        34      2013


SUNRISE AND SUNSET
APRIL 19 2015.........SUNRISE   710 AM CDT   SUNSET   813 PM CDT
APRIL 20 2015.........SUNRISE   708 AM CDT   SUNSET   814 PM CDT


-  INDICATES NEGATIVE NUMBERS.
R  INDICATES RECORD WAS SET OR TIED.
MM INDICATES DATA IS MISSING.
T  INDICATES TRACE AMOUNT.




$$
