000
CDUS46 KPQR 070221
CLISLE


CLIMATE REPORT
NATIONAL WEATHER SERVICE PORTLAND OREGON
720 PM PDT WED MAY 6 2015


...................................

...THE SALEM OR CLIMATE SUMMARY FOR MAY 6 2015...
VALID TODAY AS OF 0700 PM LOCAL TIME.

CLIMATE NORMAL PERIOD 1981 TO 2010
CLIMATE RECORD PERIOD 1892 TO 2015


WEATHER ITEM   OBSERVED TIME   RECORD YEAR NORMAL DEPARTURE LAST
                VALUE   (LST)  VALUE       VALUE  FROM      YEAR
                                                  NORMAL
..................................................................
TEMPERATURE (F)
 TODAY
  MAXIMUM         65    325 PM  90    1987  66     -1       65
  MINIMUM         44    251 AM  30    1984  43      1       46
  AVERAGE         55                        54      1       56

PRECIPITATION (IN)
  TODAY            0.07          1.09 1963   0.08  -0.01     0.00
  MONTH TO DATE    0.08                      0.44  -0.36     0.43
  SINCE OCT 1     31.50                     34.15  -2.65    24.31
  SINCE JAN 1     13.96                     17.76  -3.80    19.73

DEGREE DAYS
 HEATING
  TODAY           10                        11     -1        9
  MONTH TO DATE   51                        69    -18       41
  SINCE MAR 1    878                      1072   -194      882
  SINCE JUL 1   3348                      4312   -964     4168

 COOLING
  TODAY            0                         0      0        0
  MONTH TO DATE    0                         0      0        4
  SINCE MAR 1      0                         0      0        5
  SINCE JAN 1      0                         0      0        5
..................................................................


WIND (MPH)
  HIGHEST WIND SPEED    16   HIGHEST WIND DIRECTION    NW (330)
  HIGHEST GUST SPEED    21   HIGHEST GUST DIRECTION    NW (320)
  AVERAGE WIND SPEED     4.5


SKY COVER
  POSSIBLE SUNSHINE  MM
  AVERAGE SKY COVER 0.7


WEATHER CONDITIONS
 THE FOLLOWING WEATHER WAS RECORDED TODAY.
  LIGHT RAIN


RELATIVE HUMIDITY (PERCENT)
 HIGHEST    92           500 AM
 LOWEST     39           300 PM
 AVERAGE    66

..........................................................


THE SALEM OR CLIMATE NORMALS FOR TOMORROW
                         NORMAL    RECORD    YEAR
 MAXIMUM TEMPERATURE (F)   66        94      1987
 MINIMUM TEMPERATURE (F)   43        30      1984


SUNRISE AND SUNSET
MAY  6 2015...........SUNRISE   555 AM PDT   SUNSET   823 PM PDT
MAY  7 2015...........SUNRISE   553 AM PDT   SUNSET   825 PM PDT


-  INDICATES NEGATIVE NUMBERS.
R  INDICATES RECORD WAS SET OR TIED.
MM INDICATES DATA IS MISSING.
T  INDICATES TRACE AMOUNT.




$$
