000
CDUS41 KBTV 180541
CLISLK


CLIMATE REPORT
NATIONAL WEATHER SERVICE BURLINGTON VT
140 AM EDT SAT APR 18 2015


...................................

...THE SARANAC LAKE NY CLIMATE SUMMARY FOR APRIL 17 2015...

CLIMATE NORMAL PERIOD 1981 TO 2010
CLIMATE RECORD PERIOD 9999 TO 9999


WEATHER ITEM   OBSERVED TIME   NORMAL DEPARTURE LAST
                VALUE   (LST)  VALUE  FROM      YEAR
                                      NORMAL
......................................................
TEMPERATURE (F)
 YESTERDAY
  MAXIMUM         60    437 PM  51      9       47
  MINIMUM         32   1159 PM  27      5       10
  AVERAGE         46            39      7       29

PRECIPITATION (IN)
  YESTERDAY        0.11          0.09   0.02     0.00
  MONTH TO DATE    1.44          1.58  -0.14     2.17
  SINCE MAR 1      2.31          3.86  -1.55     3.80
  SINCE JAN 1      3.18          7.60  -4.42     6.42

DEGREE DAYS
 HEATING
  YESTERDAY       19            26     -7       36
  MONTH TO DATE  483           507    -24      492
  SINCE MAR 1   1891          1764    127     2044
  SINCE JUL 1   8674          8469    205     9028

 COOLING
  YESTERDAY        0             0      0        0
  MONTH TO DATE    0             0      0        0
  SINCE MAR 1      0             0      0        0
  SINCE JAN 1      0             0      0        0
......................................................


WIND (MPH)
  HIGHEST WIND SPEED    21   HIGHEST WIND DIRECTION    SW (240)
  HIGHEST GUST SPEED    28   HIGHEST GUST DIRECTION     W (260)
  AVERAGE WIND SPEED     5.8


SKY COVER
  AVERAGE SKY COVER 0.6


WEATHER CONDITIONS
 THE FOLLOWING WEATHER WAS RECORDED YESTERDAY.
  RAIN
  LIGHT RAIN
  FOG


RELATIVE HUMIDITY (PERCENT)
 HIGHEST   100           800 AM
 LOWEST     29          1200 AM
 AVERAGE    65

..........................................................


THE SARANAC LAKE NY CLIMATE NORMALS FOR TODAY
                         NORMAL    RECORD    YEAR
 MAXIMUM TEMPERATURE (F)   52        80      2002
 MINIMUM TEMPERATURE (F)   27        20      2014


SUNRISE AND SUNSET
APRIL 18 2015.........SUNRISE   608 AM EDT   SUNSET   745 PM EDT
APRIL 19 2015.........SUNRISE   607 AM EDT   SUNSET   746 PM EDT


-  INDICATES NEGATIVE NUMBERS.
R  INDICATES RECORD WAS SET OR TIED.
MM INDICATES DATA IS MISSING.
T  INDICATES TRACE AMOUNT.




$$
