000
CDUS46 KLOX 060857
CLISMX


CLIMATE REPORT
NATIONAL WEATHER SERVICE LOS ANGELES/OXNARD CA
157 AM PDT WED MAY 6 2015


...................................

...THE SANTA MARIA AIRPORT CA CLIMATE SUMMARY FOR MAY 5 2015...

CLIMATE NORMAL PERIOD 1981 TO 2010
CLIMATE RECORD PERIOD 1906 TO 2015


WEATHER ITEM   OBSERVED TIME   RECORD YEAR NORMAL DEPARTURE LAST
                VALUE   (LST)  VALUE       VALUE  FROM      YEAR
                                                  NORMAL
..................................................................
TEMPERATURE (F)
 YESTERDAY
  MAXIMUM         66    110 PM  92    1953  68     -2       68
  MINIMUM         53   1105 PM  32    1975  46      7       53
  AVERAGE         60                        57      3       61

PRECIPITATION (IN)
  YESTERDAY        0.00          1.74 1998   0.02  -0.02     0.00
  MONTH TO DATE    0.00                      0.09  -0.09     0.00
  SINCE OCT 1      7.37                     13.50  -6.13     4.49
  SINCE JAN 1      1.81                      9.45  -7.64     4.00

SNOWFALL (IN)
  YESTERDAY        0.0
  MONTH TO DATE    0.0
  SINCE MAR 1      0.0
  SINCE JUL 1      0.0

DEGREE DAYS
 HEATING
  YESTERDAY        5                         8     -3
  MONTH TO DATE   27                        40    -13
  SINCE MAR 1    333                       666   -333
  SINCE JUL 1   1020                      2499  -1479

 COOLING
  YESTERDAY        0                         0      0
  MONTH TO DATE    0                         0      0
  SINCE MAR 1     28                         5     23
  SINCE JAN 1     28                         6     22
..................................................................


WIND (MPH)
  HIGHEST WIND SPEED    20   HIGHEST WIND DIRECTION    NW (300)
  HIGHEST GUST SPEED    23   HIGHEST GUST DIRECTION    NW (300)
  AVERAGE WIND SPEED     8.4


SKY COVER
  POSSIBLE SUNSHINE  MM
  AVERAGE SKY COVER 1.0


WEATHER CONDITIONS
 THE FOLLOWING WEATHER WAS RECORDED YESTERDAY.
  HAZE


RELATIVE HUMIDITY (PERCENT)
 HIGHEST    77          1200 AM
 LOWEST     52           100 PM
 AVERAGE    65

..........................................................


THE SANTA MARIA AIRPORT CA CLIMATE NORMALS FOR TODAY
                         NORMAL    RECORD    YEAR
 MAXIMUM TEMPERATURE (F)   68        88      1941
 MINIMUM TEMPERATURE (F)   46        35      1977


SUNRISE AND SUNSET
MAY  6 2015...........SUNRISE   606 AM PDT   SUNSET   751 PM PDT
MAY  7 2015...........SUNRISE   605 AM PDT   SUNSET   752 PM PDT


-  INDICATES NEGATIVE NUMBERS.
R  INDICATES RECORD WAS SET OR TIED.
MM INDICATES DATA IS MISSING.
T  INDICATES TRACE AMOUNT.




$$
