000
CDUS45 KPIH 040731
CLISNT


CLIMATE REPORT
NATIONAL WEATHER SERVICE POCATELLO ID
130 AM MDT MON MAY 4 2015


...................................

...THE STANLEY ID CLIMATE SUMMARY FOR MAY 3 2015...

CLIMATE NORMAL PERIOD 1981 TO 2010
CLIMATE RECORD PERIOD 1916 TO 2015


WEATHER ITEM   OBSERVED TIME   RECORD YEAR NORMAL DEPARTURE LAST
                VALUE   (LST)  VALUE       VALUE  FROM      YEAR
                                                  NORMAL
..................................................................
TEMPERATURE (F)
 YESTERDAY
  MAXIMUM         66    412 PM  76    1966  54     12       61
  MINIMUM         26    542 AM  12    1923  25      1       26
  AVERAGE         46                        39      7       44

PRECIPITATION (IN)
  YESTERDAY        0.00          0.50 2003   0.06  -0.06     0.00
  MONTH TO DATE    0.00                      0.16  -0.16     0.00
  SINCE OCT 1     12.25                     11.85   0.40    15.39
  SINCE JAN 1      5.54                      7.00  -1.46    11.78

SNOWFALL (IN)
  YESTERDAY       MM
  MONTH TO DATE   MM
  SINCE MAR 1     MM
  SINCE JUL 1     MM
  SNOW DEPTH      MM

DEGREE DAYS
 HEATING
  YESTERDAY       19                        26     -7       21
  MONTH TO DATE   59                        79    -20       61
  SINCE MAR 1   1824                      2205   -381     2173
  SINCE JUL 1   8202                      9739  -1537     9341

 COOLING
  YESTERDAY        0                         0      0        0
  MONTH TO DATE    0                         0      0        0
  SINCE MAR 1      0                         0      0        0
  SINCE JAN 1      0                         0      0        0
..................................................................


WIND (MPH)
  HIGHEST WIND SPEED    18   HIGHEST WIND DIRECTION     S (180)
  HIGHEST GUST SPEED    28   HIGHEST GUST DIRECTION    SW (210)
  AVERAGE WIND SPEED     4.6


SKY COVER
  POSSIBLE SUNSHINE  MM
  AVERAGE SKY COVER 0.0


WEATHER CONDITIONS
 THE FOLLOWING WEATHER WAS RECORDED YESTERDAY.
  NO SIGNIFICANT WEATHER WAS OBSERVED.


RELATIVE HUMIDITY (PERCENT)
 HIGHEST    75           400 AM
 LOWEST     20           300 PM
 AVERAGE    48

..........................................................


THE STANLEY ID CLIMATE NORMALS FOR TODAY
                         NORMAL    RECORD    YEAR
 MAXIMUM TEMPERATURE (F)   54        78      1966
 MINIMUM TEMPERATURE (F)   25        11      2007


SUNRISE AND SUNSET
MAY  4 2015...........SUNRISE   627 AM MDT   SUNSET   847 PM MDT
MAY  5 2015...........SUNRISE   626 AM MDT   SUNSET   848 PM MDT


-  INDICATES NEGATIVE NUMBERS.
R  INDICATES RECORD WAS SET OR TIED.
MM INDICATES DATA IS MISSING.
T  INDICATES TRACE AMOUNT.




$$
