000
CDUS44 KBMX 260725
CLITOI


CLIMATE REPORT
NATIONAL WEATHER SERVICE BIRMINGHAM, AL
225 AM CDT SUN APR 26 2015


...................................

...THE TROY CLIMATE SUMMARY FOR APRIL 25 2015...

CLIMATE NORMAL PERIOD 1981 TO 2010
CLIMATE RECORD PERIOD 9999 TO 9999


WEATHER ITEM   OBSERVED TIME   RECORD YEAR NORMAL DEPARTURE LAST
                VALUE   (LST)  VALUE       VALUE  FROM      YEAR
                                                  NORMAL
..................................................................
TEMPERATURE (F)
 YESTERDAY
  MAXIMUM         85    120 PM  MM      MM  79      6       84
  MINIMUM         62   1245 AM  MM      MM  52     10       57
  AVERAGE         74                        66      8       71

PRECIPITATION (IN)
  YESTERDAY        1.05                      0.09   0.96     0.00
  MONTH TO DATE    7.10                      3.57   3.53     8.89
  SINCE MAR 1      9.68                      9.60   0.08    14.58
  SINCE JAN 1     16.59                     18.73  -2.14    23.64

SNOWFALL (IN)
  YESTERDAY        0.0                      MM     MM        0.0
  MONTH TO DATE    0.0                      MM     MM        0.0
  SINCE MAR 1      0.0                      MM     MM        0.0
  SINCE JUL 1      0.0                      MM     MM        0.3
  SNOW DEPTH       0

DEGREE DAYS
 HEATING
  YESTERDAY        0                         2     -2        0
  MONTH TO DATE   16                       104    -88       82
  SINCE MAR 1    162                       386   -224      379
  SINCE JUL 1   2163                      2305   -142     2319

 COOLING
  YESTERDAY        9                         3      6        6
  MONTH TO DATE  133                        42     91       39
  SINCE MAR 1    193                        56    137       40
  SINCE JAN 1    195                        61    134       51
..................................................................


WIND (MPH)
  HIGHEST WIND SPEED    28   HIGHEST WIND DIRECTION    NW (300)
  HIGHEST GUST SPEED    37   HIGHEST GUST DIRECTION    NW (300)
  AVERAGE WIND SPEED     7.2


SKY COVER
  AVERAGE SKY COVER 0.6


WEATHER CONDITIONS
 THE FOLLOWING WEATHER WAS RECORDED YESTERDAY.
  THUNDERSTORM
  HEAVY RAIN
  RAIN
  LIGHT RAIN
  FOG


RELATIVE HUMIDITY (PERCENT)
 HIGHEST   100          1100 PM
 LOWEST     69           200 PM
 AVERAGE    85

..........................................................


THE TROY CLIMATE NORMALS FOR TODAY
                         NORMAL    RECORD    YEAR
 MAXIMUM TEMPERATURE (F)   79        MM        MM
 MINIMUM TEMPERATURE (F)   53        MM        MM


SUNRISE AND SUNSET
APRIL 26 2015.........SUNRISE   604 AM CDT   SUNSET   721 PM CDT
APRIL 27 2015.........SUNRISE   603 AM CDT   SUNSET   721 PM CDT


-  INDICATES NEGATIVE NUMBERS.
R  INDICATES RECORD WAS SET OR TIED.
MM INDICATES DATA IS MISSING.
T  INDICATES TRACE AMOUNT.




$$
