000
CDUS46 KPQR 191141
CLITTD


CLIMATE REPORT
NATIONAL WEATHER SERVICE PORTLAND OREGON
440 AM PDT SUN APR 19 2015


...................................

...THE TROUTDALE OR CLIMATE SUMMARY FOR APRIL 18 2015...

CLIMATE NORMAL PERIOD 1981 TO 2010
CLIMATE RECORD PERIOD 1948 TO 2015


WEATHER ITEM   OBSERVED TIME   RECORD YEAR NORMAL DEPARTURE LAST
                VALUE   (LST)  VALUE       VALUE  FROM      YEAR
                                                  NORMAL
..................................................................
TEMPERATURE (F)
 YESTERDAY
  MAXIMUM         78    342 PM  80    1962  62     16       62
  MINIMUM         40    516 AM  30    1964  41     -1       40
  AVERAGE         59                        52      7       51

PRECIPITATION (IN)
  YESTERDAY        0.00                      0.12  -0.12     0.00
  MONTH TO DATE    1.85                      2.39  -0.54     1.36
  SINCE OCT 1     27.17                     36.70  -9.53    20.57
  SINCE JAN 1     12.21                     18.30  -6.09    12.98

DEGREE DAYS
 HEATING
  YESTERDAY        6                        13     -7       14
  MONTH TO DATE  257                       259     -2      199

 COOLING
  YESTERDAY        0                         0      0        0
  MONTH TO DATE    0                         0      0        0
..................................................................


WIND (MPH)
  HIGHEST WIND SPEED    10   HIGHEST WIND DIRECTION    NW (310)
  HIGHEST GUST SPEED    16   HIGHEST GUST DIRECTION    NW (330)
  AVERAGE WIND SPEED     3.3


SKY COVER
  POSSIBLE SUNSHINE  MM
  AVERAGE SKY COVER 0.0


WEATHER CONDITIONS
 THE FOLLOWING WEATHER WAS RECORDED YESTERDAY.
  NO SIGNIFICANT WEATHER WAS OBSERVED.


RELATIVE HUMIDITY (PERCENT)
 HIGHEST    93           500 AM
 LOWEST     25           500 PM
 AVERAGE    59

..........................................................


THE TROUTDALE OR CLIMATE NORMALS FOR TODAY
                         NORMAL    RECORD    YEAR
 MAXIMUM TEMPERATURE (F)   62        81      1956
 MINIMUM TEMPERATURE (F)   41        31      1982


SUNRISE AND SUNSET
APRIL 19 2015.........SUNRISE   617 AM PDT   SUNSET   801 PM PDT
APRIL 20 2015.........SUNRISE   616 AM PDT   SUNSET   802 PM PDT


-  INDICATES NEGATIVE NUMBERS.
R  INDICATES RECORD WAS SET OR TIED.
MM INDICATES DATA IS MISSING.
T  INDICATES TRACE AMOUNT.




$$
