000
CDUS41 KPHI 040632
CLITTN


CLIMATE REPORT
NATIONAL WEATHER SERVICE MOUNT HOLLY NJ
232 AM EDT MON MAY 4 2015


...................................

...THE TRENTON NJ CLIMATE SUMMARY FOR MAY 3 2015...

CLIMATE NORMAL PERIOD 1981 TO 2010
CLIMATE RECORD PERIOD 1865 TO 2015


WEATHER ITEM   OBSERVED TIME   RECORD YEAR NORMAL DEPARTURE LAST
                VALUE   (LST)  VALUE       VALUE  FROM      YEAR
                                                  NORMAL
..................................................................
TEMPERATURE (F)
 YESTERDAY
  MAXIMUM         79    404 PM  90    1913  68     11       69
  MINIMUM         45    542 AM  35    2005  46     -1       46
  AVERAGE         62                        57      5       58

PRECIPITATION (IN)
  YESTERDAY        0.00          2.20 1985   0.10  -0.10      T
  MONTH TO DATE    T                         0.27  -0.27     0.33
  SINCE MAR 1      6.84                      7.95  -1.11     9.86
  SINCE JAN 1     13.43                     13.42   0.01    17.52

SNOWFALL (IN)
  YESTERDAY       MM            MM      MM  MM     MM       MM
  MONTH TO DATE   MM                        MM     MM       MM
  SINCE MAR 1     MM                        MM     MM       MM
  SINCE JUL 1     MM                        MM     MM       MM
  SNOW DEPTH      MM

DEGREE DAYS
 HEATING
  YESTERDAY        3                         9     -6        7
  MONTH TO DATE   22                        27     -5       12
  SINCE MAR 1   1245                      1181     64     1294
  SINCE JUL 1   5328                      4995    333     5380

 COOLING
  YESTERDAY        0                         1     -1        0
  MONTH TO DATE    0                         3     -3        3
  SINCE MAR 1      0                        11    -11        9
  SINCE JAN 1      0                        11    -11        9
..................................................................


WIND (MPH)
  HIGHEST WIND SPEED    15   HIGHEST WIND DIRECTION     S (180)
  HIGHEST GUST SPEED    19   HIGHEST GUST DIRECTION     S (160)
  AVERAGE WIND SPEED     4.2


SKY COVER
  POSSIBLE SUNSHINE  MM
  AVERAGE SKY COVER 0.2


WEATHER CONDITIONS
 THE FOLLOWING WEATHER WAS RECORDED YESTERDAY.
  NO SIGNIFICANT WEATHER WAS OBSERVED.


RELATIVE HUMIDITY (PERCENT)
 HIGHEST    76           400 AM
 LOWEST     19           300 PM
 AVERAGE    48

..........................................................


THE TRENTON NJ CLIMATE NORMALS FOR TODAY
                         NORMAL    RECORD    YEAR
 MAXIMUM TEMPERATURE (F)   68        89      2001
 MINIMUM TEMPERATURE (F)   47        33      1986


SUNRISE AND SUNSET
MAY  4 2015...........SUNRISE   555 AM EDT   SUNSET   757 PM EDT
MAY  5 2015...........SUNRISE   554 AM EDT   SUNSET   758 PM EDT


-  INDICATES NEGATIVE NUMBERS.
R  INDICATES RECORD WAS SET OR TIED.
MM INDICATES DATA IS MISSING.
T  INDICATES TRACE AMOUNT.




$$
