000
CDUS44 KTSA 030654
CLITUL

CLIMATE REPORT
NATIONAL WEATHER SERVICE TULSA OK
147 AM CDT SUN MAY 3 2015


...................................

...THE TULSA OKLAHOMA CLIMATE SUMMARY FOR MAY 2 2015...

CLIMATE NORMAL PERIOD 1981 TO 2010
CLIMATE RECORD PERIOD 1882 TO 2015


WEATHER ITEM   OBSERVED TIME   RECORD YEAR NORMAL DEPARTURE LAST
                VALUE   (LST)  VALUE       VALUE  FROM      YEAR
                                                  NORMAL
..................................................................
TEMPERATURE (F)
 YESTERDAY
  MAXIMUM         81    355 PM  94    1943  76      5       73
  MINIMUM         53    504 AM  32    1909  55     -2       37
  AVERAGE         67                        66      1       55

PRECIPITATION (IN)
  YESTERDAY        0.00          2.78 1990   0.18  -0.18     0.00
  MONTH TO DATE    0.00                      0.36  -0.36     0.00
  SINCE MAR 1      7.81                      7.44   0.37     4.49
  SINCE JAN 1     10.13                     10.95  -0.82     4.94

SNOWFALL (IN)
  YESTERDAY        0.0                                       0.0
  MONTH TO DATE    0.0                                       0.0
  SINCE MAR 1      0.3                                       2.4
  SINCE JUL 1      8.5                                      12.4

DEGREE DAYS
 HEATING
  YESTERDAY        0                         3     -3       10
  MONTH TO DATE    1                         6     -5       20
  SINCE MAR 1    497                       630   -133      780
  SINCE JUL 1   3512                      3541    -29     4081

 COOLING
  YESTERDAY        2                         3     -1        0
  MONTH TO DATE    2                         6     -4        0
  SINCE MAR 1     76                        70      6       34
  SINCE JAN 1     76                        71      5       34
..................................................................


WIND (MPH)
  HIGHEST WIND SPEED    21   HIGHEST WIND DIRECTION     S (170)
  HIGHEST GUST SPEED    26   HIGHEST GUST DIRECTION     S (160)
  AVERAGE WIND SPEED    10.4


SKY COVER
  POSSIBLE SUNSHINE  MM
  AVERAGE SKY COVER 0.6


WEATHER CONDITIONS
 THE FOLLOWING WEATHER WAS RECORDED YESTERDAY.
  NO SIGNIFICANT WEATHER WAS OBSERVED.


RELATIVE HUMIDITY (PERCENT)
 HIGHEST    83           300 AM
 LOWEST     36           500 PM
 AVERAGE    60

..........................................................


THE TULSA OKLAHOMA CLIMATE NORMALS FOR TODAY
                         NORMAL    RECORD    YEAR
 MAXIMUM TEMPERATURE (F)   76        96      1920
 MINIMUM TEMPERATURE (F)   55        35      2005


SUNRISE AND SUNSET
MAY  3 2015...........SUNRISE   629 AM CDT   SUNSET   813 PM CDT
MAY  4 2015...........SUNRISE   628 AM CDT   SUNSET   814 PM CDT


-  INDICATES NEGATIVE NUMBERS.
R  INDICATES RECORD WAS SET OR TIED.
MM INDICATES DATA IS MISSING.
T  INDICATES TRACE AMOUNT.




$$

&&
...........................................................

THE TULSA PRECIPITATION NORMALS FOR TODAY
                       NORMAL    RECORD      YEAR
  TODAY                 0.18      2.19       1979
  MONTH TO DATE         0.54
  YEAR TO DATE         11.13
...........................................................
ALL DATA MEASURED AT THE TULSA INTERNATIONAL AIRPORT...
EXCEPT SNOWFALL...WHICH IS MEASURED AT THE NWS OFFICE.
