000
CDUS44 KJAN 182113
CLITVR


CLIMATE REPORT
NATIONAL WEATHER SERVICE JACKSON MS
412 PM CDT SAT APR 18 2015


...................................

...THE VICKSBURG CLIMATE SUMMARY FOR APRIL 18 2015...
VALID TODAY AS OF 0400 PM LOCAL TIME.

CLIMATE NORMAL PERIOD 1981 TO 2010
CLIMATE RECORD PERIOD 1948 TO 2015


WEATHER ITEM   OBSERVED TIME   RECORD YEAR NORMAL DEPARTURE LAST
                VALUE   (LST)  VALUE       VALUE  FROM      YEAR
                                                  NORMAL
..................................................................
TEMPERATURE (F)
 TODAY
  MAXIMUM         72   1220 PM  91    2006  77     -5       76
  MINIMUM         65   1208 AM  37    2001  54     11       58
  AVERAGE         69                        65      4       67

PRECIPITATION (IN)
  TODAY            0.08          2.64 1973   0.18  -0.10     0.00
  MONTH TO DATE    2.52                      3.01  -0.49    12.21
  SINCE MAR 1      6.76                      8.04  -1.28    18.14
  SINCE JAN 1     18.01                     18.38  -0.37    23.56

SNOWFALL (IN)
  TODAY            0.0

DEGREE DAYS
 HEATING
  TODAY            0                         3     -3        0
  MONTH TO DATE   23                        77    -54       80
  SINCE MAR 1    246                       342    -96      448
  SINCE JUL 1   2504                      2318    186     2857

 COOLING
  TODAY            4                         3      1        2
  MONTH TO DATE   97                        42     55       42
  SINCE MAR 1    119                        65     54       49
  SINCE JAN 1    119                        74     45       56
..................................................................


WIND (MPH)
  HIGHEST WIND SPEED    13   HIGHEST WIND DIRECTION     E (110)
  HIGHEST GUST SPEED    16   HIGHEST GUST DIRECTION     E (110)
  AVERAGE WIND SPEED     6.5


SKY COVER
  POSSIBLE SUNSHINE  MM
  AVERAGE SKY COVER 0.9


WEATHER CONDITIONS
 THE FOLLOWING WEATHER WAS RECORDED TODAY.
  LIGHT RAIN
  FOG


RELATIVE HUMIDITY (PERCENT)
 HIGHEST    93          1200 AM
 LOWEST     79          1100 AM
 AVERAGE    86

..........................................................


THE VICKSBURG CLIMATE NORMALS FOR TOMORROW
                         NORMAL    RECORD    YEAR
 MAXIMUM TEMPERATURE (F)   77        92      2006
 MINIMUM TEMPERATURE (F)   54        34      1983


SUNRISE AND SUNSET
APRIL 18 2015.........SUNRISE   632 AM CDT   SUNSET   736 PM CDT
APRIL 19 2015.........SUNRISE   631 AM CDT   SUNSET   736 PM CDT


-  INDICATES NEGATIVE NUMBERS.
R  INDICATES RECORD WAS SET OR TIED.
MM INDICATES DATA IS MISSING.
T  INDICATES TRACE AMOUNT.




$$
