000
CDUS45 KBOI 050932
CLITWF


CLIMATE REPORT
NATIONAL WEATHER SERVICE BOISE ID
332 AM MDT TUE MAY 5 2015


...................................

...THE TWIN FALLS ID CLIMATE SUMMARY FOR MAY 4 2015...

CLIMATE NORMAL PERIOD 1981 TO 2010
CLIMATE RECORD PERIOD 9999 TO 9999


WEATHER ITEM   OBSERVED TIME   NORMAL DEPARTURE LAST
                VALUE   (LST)  VALUE  FROM      YEAR
                                      NORMAL
......................................................
TEMPERATURE (F)
 YESTERDAY
  MAXIMUM         78   1216 PM  66     12       74
  MINIMUM         45    422 AM  40      5       51
  AVERAGE         62

PRECIPITATION (IN)
  YESTERDAY        0.00          0.05  -0.05     0.00
  MONTH TO DATE    T             0.22  -0.22     0.00
  SINCE OCT 1      4.86          7.44  -2.58     5.42
  SINCE JAN 1      1.86          4.19  -2.33     4.95

DEGREE DAYS
 HEATING
  YESTERDAY        3            12     -9        2
  MONTH TO DATE   12            51    -39        7
  SINCE MAR 1    953          1282   -329     1078
  SINCE JUL 1   4646          5849  -1203     5331

 COOLING
  YESTERDAY        0             0      0        0
  MONTH TO DATE    0             0      0        8
  SINCE MAR 1      0             1     -1        8
  SINCE JAN 1      0             1     -1        8
......................................................


WIND (MPH)
  HIGHEST WIND SPEED    18   HIGHEST WIND DIRECTION    SE (150)
  HIGHEST GUST SPEED    24   HIGHEST GUST DIRECTION     S (160)
  AVERAGE WIND SPEED     8.9


SKY COVER
  AVERAGE SKY COVER 0.1


WEATHER CONDITIONS
 THE FOLLOWING WEATHER WAS RECORDED YESTERDAY.
  NO SIGNIFICANT WEATHER WAS OBSERVED.


RELATIVE HUMIDITY (PERCENT)
 HIGHEST    71           500 AM
 LOWEST     24           400 PM
 AVERAGE    48

..........................................................




SUNRISE AND SUNSET
MAY  5 2015...........SUNRISE   628 AM MDT   SUNSET   842 PM MDT
MAY  6 2015...........SUNRISE   627 AM MDT   SUNSET   843 PM MDT


-  INDICATES NEGATIVE NUMBERS.
R  INDICATES RECORD WAS SET OR TIED.
MM INDICATES DATA IS MISSING.
T  INDICATES TRACE AMOUNT.




$$
