000
CDUS44 KSHV 280753
CLITYR


CLIMATE REPORT
NATIONAL WEATHER SERVICE SHREVEPORT, LA
252 AM CDT TUE APR 28 2015


...................................

...THE TYLER CLIMATE SUMMARY FOR APRIL 27 2015...

CLIMATE NORMAL PERIOD 1981 TO 2010
CLIMATE RECORD PERIOD 1896 TO 2015


WEATHER ITEM   OBSERVED TIME   RECORD YEAR NORMAL DEPARTURE LAST
                VALUE   (LST)  VALUE       VALUE  FROM      YEAR
                                                  NORMAL
..................................................................
TEMPERATURE (F)
 YESTERDAY
  MAXIMUM         75    253 PM  92    1987  78     -3       84
  MINIMUM         59   1159 PM  41    1967  58      1       73
  AVERAGE         67                        68     -1       79

PRECIPITATION (IN)
  YESTERDAY        0.99          2.67 1958   0.12   0.87      T
  MONTH TO DATE    9.03                      2.78   6.25     2.47
  SINCE DEC 1     24.47                     18.01   6.46    11.79
  SINCE JAN 1     23.00                     13.77   9.23     8.77

SNOWFALL (IN)
  YESTERDAY        0.0
  MONTH TO DATE    0.0
  SINCE MAR 1      0.5
  SINCE JUL 1      2.1
  SNOW DEPTH       0

DEGREE DAYS
 HEATING
  YESTERDAY        0                         1     -1        0
  MONTH TO DATE   31                        94    -63       97
  SINCE MAR 1    296                       367    -71      446
  SINCE JUL 1   2183                      2259    -76     2510

 COOLING
  YESTERDAY        2                         4     -2       14
  MONTH TO DATE  140                        65     75      110
  SINCE MAR 1    172                        86     86      123
  SINCE JAN 1    172                        98     74      126
..................................................................


WIND (MPH)
  HIGHEST WIND SPEED    28   HIGHEST WIND DIRECTION     E (80)
  HIGHEST GUST SPEED    37   HIGHEST GUST DIRECTION     E (70)
  AVERAGE WIND SPEED    14.2


SKY COVER
  POSSIBLE SUNSHINE  MM
  AVERAGE SKY COVER 0.7


WEATHER CONDITIONS
 THE FOLLOWING WEATHER WAS RECORDED YESTERDAY.
  THUNDERSTORM
  HEAVY RAIN
  RAIN
  LIGHT RAIN
  FOG


RELATIVE HUMIDITY (PERCENT)
 HIGHEST    93           400 AM
 LOWEST     58           300 PM
 AVERAGE    76

..........................................................


THE TYLER CLIMATE NORMALS FOR TODAY
                         NORMAL    RECORD    YEAR
 MAXIMUM TEMPERATURE (F)   78        92      1987
 MINIMUM TEMPERATURE (F)   58        41      1973


SUNRISE AND SUNSET
APRIL 28 2015.........SUNRISE   638 AM CDT   SUNSET   800 PM CDT
APRIL 29 2015.........SUNRISE   637 AM CDT   SUNSET   801 PM CDT


-  INDICATES NEGATIVE NUMBERS.
R  INDICATES RECORD WAS SET OR TIED.
MM INDICATES DATA IS MISSING.
T  INDICATES TRACE AMOUNT.




$$
