000
CDUS44 KMRX 060822 RRA
CLITYS

CLIMATE REPORT
NATIONAL WEATHER SERVICE MORRISTOWN TN
421 AM EDT WED MAY 6 2015


...................................

...THE KNOXVILLE CLIMATE SUMMARY FOR MAY 5 2015...

CLIMATE NORMAL PERIOD 1981 TO 2010
CLIMATE RECORD PERIOD 1871 TO 2015


WEATHER ITEM   OBSERVED TIME   RECORD YEAR NORMAL DEPARTURE LAST
                VALUE   (LST)  VALUE       VALUE  FROM      YEAR
                                                  NORMAL
..................................................................
TEMPERATURE (F)
 YESTERDAY
  MAXIMUM         84    350 PM  93    1959  75      9       84
  MINIMUM         55    622 AM  37    2011  53      2       60
                                      1954
  AVERAGE         70                        64      6       72

PRECIPITATION (IN)
  YESTERDAY        T             3.04 2003   0.15  -0.15     0.00
  MONTH TO DATE    T                         0.75  -0.75     0.00
  SINCE MAR 1      8.58                      9.10  -0.52     6.74
  SINCE JAN 1     15.72                     17.68  -1.96    14.81

SNOWFALL (IN)
  YESTERDAY        0.0                       0.0    0.0      0.0
  MONTH TO DATE    0.0                       0.0    0.0      0.0
  SINCE MAR 1      T                         1.4   -1.4      0.5
  SINCE JUL 1      9.3                       6.5    2.8     12.4
  SNOW DEPTH       0

DEGREE DAYS
 HEATING
  YESTERDAY        0                         3     -3        0
  MONTH TO DATE   22                        17      5       23
  SINCE MAR 1    572                       696   -124      712
  SINCE JUL 1   3837                      3592    245     3759

 COOLING
  YESTERDAY        5                         2      3        7
  MONTH TO DATE    7                        10     -3       10
  SINCE MAR 1     32                        47    -15       42
  SINCE JAN 1     32                        47    -15       42
..................................................................


WIND (MPH)
  HIGHEST WIND SPEED    10   HIGHEST WIND DIRECTION     S (200)
  HIGHEST GUST SPEED    MM   HIGHEST GUST DIRECTION    MM
  AVERAGE WIND SPEED     2.6


SKY COVER
  POSSIBLE SUNSHINE  MM
  AVERAGE SKY COVER  MM


WEATHER CONDITIONS
 THE FOLLOWING WEATHER WAS RECORDED YESTERDAY.
  LIGHT RAIN


RELATIVE HUMIDITY (PERCENT)
 HIGHEST    93           500 AM
 LOWEST     34           300 PM
 AVERAGE    64

..........................................................


THE KNOXVILLE CLIMATE NORMALS FOR TODAY
                         NORMAL    RECORD    YEAR
 MAXIMUM TEMPERATURE (F)   76        89      1949
 MINIMUM TEMPERATURE (F)   53        38      1891


SUNRISE AND SUNSET
MAY  6 2015...........SUNRISE   639 AM EDT   SUNSET   827 PM EDT
MAY  7 2015...........SUNRISE   638 AM EDT   SUNSET   828 PM EDT


-  INDICATES NEGATIVE NUMBERS.
R  INDICATES RECORD WAS SET OR TIED.
MM INDICATES DATA IS MISSING.
T  INDICATES TRACE AMOUNT.




$$
