000
CDUS43 KLOT 050638
CLIUGN


CLIMATE REPORT
NATIONAL WEATHER SERVICE CHICAGO IL
137 AM CDT TUE MAY 5 2015


...................................

...THE WAUKEGAN   CLIMATE SUMMARY FOR MAY 4 2015...

CLIMATE NORMAL PERIOD 1981 TO 2010
CLIMATE RECORD PERIOD 2000 TO 2015


WEATHER ITEM   OBSERVED TIME   RECORD YEAR NORMAL DEPARTURE LAST
                VALUE   (LST)  VALUE       VALUE  FROM      YEAR
                                                  NORMAL
..................................................................
TEMPERATURE (F)
 YESTERDAY
  MAXIMUM         69   1227 PM  82    2000  62      7       54
  MINIMUM         47   1116 PM  -1    2008  43      4       35
  AVERAGE         58

PRECIPITATION (IN)
  YESTERDAY        T             1.17 2003   0.13  -0.13     0.00
  MONTH TO DATE    0.23                      0.51  -0.28     0.07
  SINCE MAR 1      5.11                      6.31  -1.20     3.85
  SINCE JAN 1      5.65                      9.36  -3.71     5.87

DEGREE DAYS
 HEATING
  YESTERDAY        7                        13     -6       20
  MONTH TO DATE   29                        53    -24       67
  SINCE MAR 1   1613                      1549     64     1839
  SINCE JUL 1   7138                      6495    643     7708

 COOLING
  YESTERDAY        0                         0      0        0
  MONTH TO DATE    1                         0      1        0
  SINCE MAR 1      1                         4     -3        0
  SINCE JAN 1      1                         4     -3        0
..................................................................


WIND (MPH)
  RESULTANT WIND SPEED   1   RESULTANT WIND DIRECTION  NE (60)
  HIGHEST WIND SPEED    17   HIGHEST WIND DIRECTION    SW (210)
  HIGHEST GUST SPEED    24   HIGHEST GUST DIRECTION    SW (210)
  AVERAGE WIND SPEED     5.9


SKY COVER
  POSSIBLE SUNSHINE  MM
  AVERAGE SKY COVER 0.2


WEATHER CONDITIONS
 THE FOLLOWING WEATHER WAS RECORDED YESTERDAY.
  THUNDERSTORM


RELATIVE HUMIDITY (PERCENT)
 HIGHEST    93
 LOWEST     47
 AVERAGE    70

..........................................................


THE WAUKEGAN   CLIMATE NORMALS FOR TODAY
                         NORMAL    RECORD    YEAR
 MAXIMUM TEMPERATURE (F)   63        82      2000
 MINIMUM TEMPERATURE (F)   43        33      2001


SUNRISE AND SUNSET
MAY  5 2015...........SUNRISE   542 AM CDT   SUNSET   755 PM CDT
MAY  6 2015...........SUNRISE   540 AM CDT   SUNSET   756 PM CDT


-  INDICATES NEGATIVE NUMBERS.
R  INDICATES RECORD WAS SET OR TIED.
MM INDICATES DATA IS MISSING.
T  INDICATES TRACE AMOUNT.




$$
