000
CDUS42 KMLB 280629
CLIVRB


CLIMATE REPORT
NATIONAL WEATHER SERVICE MELBOURNE FL
228 AM EDT TUE APR 28 2015


...................................

...THE VERO BEACH CLIMATE SUMMARY FOR APRIL 27 2015...

CLIMATE NORMAL PERIOD 1981 TO 2010
CLIMATE RECORD PERIOD 1942 TO 2015


WEATHER ITEM   OBSERVED TIME   RECORD YEAR NORMAL DEPARTURE LAST
                VALUE   (LST)  VALUE       VALUE  FROM      YEAR
                                                  NORMAL
..................................................................
TEMPERATURE (F)
 YESTERDAY
  MAXIMUM         92    223 PM  93    2006  82     10       86
  MINIMUM         74   1126 PM  50    1983  63     11       65
  AVERAGE         83                        72     11       76

PRECIPITATION (IN)
  YESTERDAY        T             1.48 2005   0.09  -0.09     0.00
  MONTH TO DATE    2.37                      2.48  -0.11     1.99
  SINCE MAR 1      4.75                      6.60  -1.85     3.94
  SINCE JAN 1      8.38                     11.77  -3.39    10.49

SNOWFALL (IN)
  YESTERDAY        0.0
  MONTH TO DATE    0.0
  SINCE JUL 1      0.0

DEGREE DAYS
 HEATING
  YESTERDAY        0                         0      0        0
  MONTH TO DATE    0                        13    -13        5
  SINCE MAR 1     12                        68    -56       33
  SINCE JUL 1    384                       453    -69      268

 COOLING
  YESTERDAY       18                         8     10       11
  MONTH TO DATE  332                       166    166      187
  SINCE MAR 1    575                       295    280      307
  SINCE JAN 1    700                       434    266      515
..................................................................


WIND (MPH)
  HIGHEST WIND SPEED    22   HIGHEST WIND DIRECTION     W (280)
  HIGHEST GUST SPEED    27   HIGHEST GUST DIRECTION     W (270)
  AVERAGE WIND SPEED    10.1


SKY COVER
  AVERAGE SKY COVER 0.3


WEATHER CONDITIONS
 THE FOLLOWING WEATHER WAS RECORDED YESTERDAY.
  THUNDERSTORM
  FOG
  HAZE


RELATIVE HUMIDITY (PERCENT)
 HIGHEST    88           300 AM
 LOWEST     43          1100 AM
 AVERAGE    66

..........................................................


THE VERO BEACH CLIMATE NORMALS FOR TODAY
                         NORMAL    RECORD    YEAR
 MAXIMUM TEMPERATURE (F)   82        91      1967
                                             1965
 MINIMUM TEMPERATURE (F)   63        48      1977


SUNRISE AND SUNSET
APRIL 28 2015.........SUNRISE   645 AM EDT   SUNSET   754 PM EDT
APRIL 29 2015.........SUNRISE   644 AM EDT   SUNSET   754 PM EDT


-  INDICATES NEGATIVE NUMBERS.
R  INDICATES RECORD WAS SET OR TIED.
MM INDICATES DATA IS MISSING.
T  INDICATES TRACE AMOUNT.




$$
