000
CDUS43 KLBF 010942
CLIVTN

CLIMATE REPORT
NATIONAL WEATHER SERVICE NORTH PLATTE
441 AM CDT WED APR 1 2015


...................................

...THE VALENTINE NE CLIMATE SUMMARY FOR MARCH 31 2015...

CLIMATE NORMAL PERIOD 1981 TO 2010
CLIMATE RECORD PERIOD 1885 TO 2015


WEATHER ITEM   OBSERVED TIME   RECORD YEAR NORMAL DEPARTURE LAST
                VALUE   (LST)  VALUE       VALUE  FROM      YEAR
                                                  NORMAL
..................................................................
TEMPERATURE (F)
 YESTERDAY
  MAXIMUM         81    456 PM  87    1946  54     27       52
  MINIMUM         28    600 AM  -3    1899  28      0       18
  AVERAGE         55                        41     14       35

PRECIPITATION (IN)
  YESTERDAY        0.00          1.07 1897   0.05  -0.05      T
  MONTH TO DATE    0.03                      1.07  -1.04     0.49
  SINCE MAR 1      0.03                      1.07  -1.04     0.49
  SINCE JAN 1      0.65                      1.81  -1.16     1.15

SNOWFALL (IN)
  YESTERDAY        0.0           6.6  1896   0.2   -0.2       T
  MONTH TO DATE    0.5                       6.5   -6.0      5.0
  SINCE MAR 1      0.5                       6.5   -6.0      5.0
  SINCE JUL 1     22.2                      28.6   -6.4     31.5
  SNOW DEPTH       0

DEGREE DAYS
 HEATING
  YESTERDAY       10                        24    -14       30
  MONTH TO DATE  687                       892   -205      969
  SINCE MAR 1    687                       893   -206      969
  SINCE JUL 1   5813                      6129   -316     6447

 COOLING
  YESTERDAY        0                         0      0        0
  MONTH TO DATE    2                         0      2        0
  SINCE MAR 1      2                         0      2        0
  SINCE JAN 1      2                         0      2        0
..................................................................


WIND (MPH)
  HIGHEST WIND SPEED    24   HIGHEST WIND DIRECTION     S (200)
  HIGHEST GUST SPEED    30   HIGHEST GUST DIRECTION    SW (220)
  AVERAGE WIND SPEED    10.9


SKY COVER
  POSSIBLE SUNSHINE  MM
  AVERAGE SKY COVER 0.0


WEATHER CONDITIONS
 THE FOLLOWING WEATHER WAS RECORDED YESTERDAY.
  HAZE


RELATIVE HUMIDITY (PERCENT)
 HIGHEST    78           600 AM
 LOWEST     10           500 PM
 AVERAGE    44

..........................................................


THE VALENTINE NE CLIMATE NORMALS FOR TODAY
                         NORMAL    RECORD    YEAR
 MAXIMUM TEMPERATURE (F)   55        91      2012
 MINIMUM TEMPERATURE (F)   28         0      1899


SUNRISE AND SUNSET
APRIL  1 2015.........SUNRISE   725 AM CDT   SUNSET   808 PM CDT
APRIL  2 2015.........SUNRISE   723 AM CDT   SUNSET   809 PM CDT


-  INDICATES NEGATIVE NUMBERS.
R  INDICATES RECORD WAS SET OR TIED.
MM INDICATES DATA IS MISSING.
T  INDICATES TRACE AMOUNT.

$$
