000
CDUS46 KPQR 070221
CLIVUO


CLIMATE REPORT
NATIONAL WEATHER SERVICE PORTLAND OREGON
720 PM PDT WED MAY 6 2015


...................................

...THE VANCOUVER WA CLIMATE SUMMARY FOR MAY 6 2015...
VALID TODAY AS OF 0700 PM LOCAL TIME.

CLIMATE NORMAL PERIOD 1981 TO 2010
CLIMATE RECORD PERIOD 1891 TO 2015


WEATHER ITEM   OBSERVED TIME   RECORD YEAR NORMAL DEPARTURE LAST
                VALUE   (LST)  VALUE       VALUE  FROM      YEAR
                                                  NORMAL
..................................................................
TEMPERATURE (F)
 TODAY
  MAXIMUM         64    359 PM  89    1987  66     -2       64
  MINIMUM         45   1254 AM  31    1978  46     -1       45
  AVERAGE         55                        56     -1       55

PRECIPITATION (IN)
  TODAY            0.04                      0.10  -0.06     0.00
  MONTH TO DATE    0.08                      0.57  -0.49     0.62
  SINCE OCT 1     28.96                     32.43  -3.47    22.64
  SINCE JAN 1     14.07                     16.68  -2.61    17.17

DEGREE DAYS
 HEATING
  TODAY           10                                        10
  MONTH TO DATE   48                                        39
  SINCE MAR 1    886                                       922
  SINCE JUL 1   3538                                      4385

 COOLING
  TODAY            0                                         0
  MONTH TO DATE    0                                         3
  SINCE MAR 1      0                                         3
  SINCE JAN 1      0                                         3
..................................................................


WIND (MPH)
  HIGHEST WIND SPEED    17   HIGHEST WIND DIRECTION    NW (310)
  HIGHEST GUST SPEED    25   HIGHEST GUST DIRECTION    NW (300)
  AVERAGE WIND SPEED     6.8


SKY COVER
  POSSIBLE SUNSHINE  MM
  AVERAGE SKY COVER 0.6


WEATHER CONDITIONS
 THE FOLLOWING WEATHER WAS RECORDED TODAY.
  LIGHT RAIN
  FOG


RELATIVE HUMIDITY (PERCENT)
 HIGHEST    86           400 AM
 LOWEST     36           300 PM
 AVERAGE    61

..........................................................


THE VANCOUVER WA CLIMATE NORMALS FOR TOMORROW
                         NORMAL    RECORD    YEAR
 MAXIMUM TEMPERATURE (F)   66        92      1987
 MINIMUM TEMPERATURE (F)   46        33      1970


SUNRISE AND SUNSET
MAY  6 2015...........SUNRISE   551 AM PDT   SUNSET   824 PM PDT
MAY  7 2015...........SUNRISE   550 AM PDT   SUNSET   825 PM PDT


-  INDICATES NEGATIVE NUMBERS.
R  INDICATES RECORD WAS SET OR TIED.
MM INDICATES DATA IS MISSING.
T  INDICATES TRACE AMOUNT.




$$
