000
CDUS41 KAKQ 260533
CLIWAL


CLIMATE REPORT
NATIONAL WEATHER SERVICE WAKEFIELD, VA
133 AM EDT SUN APR 26 2015


...................................

...THE WALLOPS ISLAND VA CLIMATE SUMMARY FOR APRIL 25 2015...

CLIMATE NORMAL PERIOD 1981 TO 2010
CLIMATE RECORD PERIOD 1963 TO 2015


WEATHER ITEM   OBSERVED TIME   RECORD YEAR NORMAL DEPARTURE
                VALUE   (LST)  VALUE       VALUE  FROM
                                                  NORMAL
...............................................................
TEMPERATURE (F)
 YESTERDAY
  MAXIMUM         49   1044 AM  85    2009  66    -17
  MINIMUM         41    258 AM  37    1999  48     -7
  AVERAGE         45                        57    -12

PRECIPITATION (IN)
  YESTERDAY        0.36          1.00        0.09   0.27
  MONTH TO DATE    3.59                      2.63   0.96
  SINCE MAR 1      6.97                      6.63   0.34
  SINCE JAN 1     14.76                     12.43   2.33

SNOWFALL (IN)
  YESTERDAY        0.0           0.0    MM   0.0    0.0
  MONTH TO DATE    0.0                       0.1   -0.1
  SINCE NOV 1     11.3                       7.9    3.4
  SINCE JUL 1     11.3                       7.9    3.4

DEGREE DAYS
 HEATING
  YESTERDAY       20                               11
  MONTH TO DATE  261                              -42
  SINCE MAR 1    962                               40
  SINCE JUL 1   4292                              290

 COOLING
  YESTERDAY        0                               -1
  MONTH TO DATE    0                               -3
  SINCE MAR 1      0                               -4
  SINCE JAN 1      0                               -4
...............................................................


WIND (MPH)
  HIGHEST WIND SPEED    17   HIGHEST WIND DIRECTION     E (70)
  HIGHEST GUST SPEED    21   HIGHEST GUST DIRECTION    NE (60)
  AVERAGE WIND SPEED     5.3




RELATIVE HUMIDITY (PERCENT)
 HIGHEST   100
 LOWEST     53
 AVERAGE    77

..........................................................


THE WALLOPS ISLAND VA CLIMATE NORMALS FOR TODAY
                         NORMAL    RECORD    YEAR
 MAXIMUM TEMPERATURE (F)   66        93      1990
 MINIMUM TEMPERATURE (F)   48        38      2001


SUNRISE AND SUNSET
APRIL 26 2015.........SUNRISE   612 AM EDT   SUNSET   748 PM EDT
APRIL 27 2015.........SUNRISE   611 AM EDT   SUNSET   749 PM EDT


-  INDICATES NEGATIVE NUMBERS.
R  INDICATES RECORD WAS SET OR TIED.
MM INDICATES DATA IS MISSING.
T  INDICATES TRACE AMOUNT.




$$
